Wetterstation mit Webcam
auf dem Albis auf 800 m.ü.M.
Prognosen
» MeteoSchweiz
» MyForecast
» Sturmwarnung Europa
» CalSky-Wetterseite
» Lawinenbulletin SLF
» Pollenprognose
Meteogramm

Quelle: CalSky.com
Wetterstation www.Albispass.ch  »Übersicht  »Werte  »Tagesverlauf  »Woche  »Monat  »Rechner  »Astro-Kalender

Seiten unterstützt von:



Klimatabellen
2002 »August »September »Oktober »November »Dezember
2003 »Januar »Februar »März »April »Mai »Juni »Juli »August »September »Oktober »November »Dezember
2004 »Januar »Februar »März »April »Mai »Juni »Juli »August »September »Oktober »November »Dezember
2005 »Januar »Februar »März »April »Mai »Juni »Juli »August »September »Oktober »November »Dezember
2006 »Januar »Februar »März »April »Mai »Juni »Juli »August »September »Oktober »November »Dezember
2007 »Januar »Februar »März »April »Mai »Juni »Juli »August »September »Oktober »November »Dezember
2008 »Januar »Februar »März »April »Mai »Juni »Juli »August »September »Oktober »November »Dezember
2009 »Januar »Februar »März »April »Mai »Juni »Juli »August »September »Oktober »November »Dezember
2010 »Januar »Februar »März »April »Mai »Juni »Juli »August »September »Oktober »November »Dezember
2011 »Januar »Februar »März »April »Mai »Juni »Juli »August »September »Oktober »November »Dezember
2012 »Januar »Februar »März »April »Mai »Juni »Juli »August »September »Oktober »November »Dezember
2013 »Januar »Februar »März »April »Mai »Juni »Juli »August »September »Oktober »November »Dezember
2014 »Januar »Februar »März »April »Mai »Juni »Juli »August »September »Oktober »November »Dezember
2015 »Januar »Februar »März »April »Mai »Juni »Juli »August »September »Oktober »November »Dezember
2016 »Januar »Februar »März »April »Mai »Juni »Juli »August »September »Oktober »November »Dezember
2017 »Januar »Februar »März »April »Mai »Juni »Juli »August »September »Oktober »November »Dezember
2018 »Januar »Februar »März »April »Mai »Juni »Juli »August »September »Oktober »November »Dezember
2019 »Januar »Februar »März »April »Mai »Juni »Juli »August »September »Oktober »November »Dezember
2020 »Januar »Februar »März »April »Mai

Datenarchiv


                   MONTHLY CLIMATOLOGICAL SUMMARY for DEC. 2018

NAME: Albis   CITY: Albis   STATE: Switzerland 
ELEV:   785 m  LAT:  47° 16' 38" N  LONG:   8° 31' 05" E

                   TEMPERATURE (°C), RAIN  (mm), WIND SPEED (km/hr)

                                      HEAT  COOL        AVG
    MEAN                              DEG   DEG         WIND                 DOM
DAY TEMP  HIGH   TIME   LOW    TIME   DAYS  DAYS  RAIN  SPEED HIGH   TIME    DIR
------------------------------------------------------------------------------------
 1   4.0   7.7   14:15   2.1    7:30  14.3   0.0   0.6   4.8  20.9    1:45    SW
 2   5.1   7.4   21:45   3.3    7:45  13.2   0.0  29.6  11.3  27.4   13:30    SW
 3   8.2   9.6   12:30   6.6   00:00  10.1   0.0  28.4  16.9  62.8   19:30    SW
 4   5.8   6.9    1:00   4.1   23:15  12.5   0.0  10.4  11.7  40.2    6:45    SW
 5   5.2   6.8   12:00   4.2    1:00  13.2   0.0   0.2   2.1  16.1   23:30     E
 6   6.8   9.0   15:30   5.4    0:15  11.5   0.0   2.6   9.8  33.8    6:15    SW
 7   7.1  10.2   14:15   3.4   23:30  11.2   0.0   2.4  15.3  61.2   23:15   WSW
 8   3.9   5.2   22:30   2.5    8:15  14.4   0.0   0.6  23.3  54.7   12:15   WSW
 9   4.2   7.8    1:45   1.8    8:00  14.1   0.0  11.8  28.5  82.1    3:45   WSW
10   1.6   3.1   13:45   0.4   23:45  16.7   0.0   2.6  11.4  38.6   17:15    SW
11   0.2   2.6   13:30  -1.6   00:00  18.1   0.0   0.0   2.9  22.5    0:45    SW
12  -2.3   0.3   14:30  -4.3    7:45  20.6   0.0   0.0   6.1  20.9    9:30   ENE
13  -3.3  -1.0   13:45  -5.7    6:15  21.7   0.0   0.0   7.2  24.1   13:00   ENE
14  -3.9  -2.9   13:45  -4.5    4:30  22.2   0.0   0.0   3.7  16.1    8:00   ENE
15  -3.9  -1.8   13:30  -5.7   21:00  22.3   0.0   0.0   2.9  16.1   11:00     N
16   0.2   2.6   19:15  -4.0    0:15  18.1   0.0   6.6   6.1  22.5    9:15    SW
17   0.8   2.1   16:15  -1.4    2:30  17.5   0.0   0.0   6.0  27.4   16:45    SW
18  -1.1   2.7   12:30  -4.5   22:30  19.4   0.0   0.0   2.3  12.9    3:30    NE
19   2.2   5.8   12:15  -2.2    0:15  16.1   0.0   2.6   6.8  29.0   17:15    SW
20   2.5   5.8   12:30   0.7    1:30  15.8   0.0   0.2  10.0  29.0   11:30    SW
21   3.7   6.3   23:30   1.7    4:45  14.6   0.0   4.6  16.6  41.8   11:15   WSW
22   7.6   9.1    7:45   6.1    1:00  10.8   0.0   7.0  24.9  70.8    8:45   WSW
23   6.8   7.9   21:45   5.7   15:15  11.5   0.0  18.2  18.2  48.3   21:15     W
24   4.4   8.5    4:00   0.6   00:00  13.9   0.0  18.0  10.3  69.2    5:45   ESE
25  -0.9   0.8    1:30  -2.7   00:00  19.2   0.0   0.0   3.5  14.5   21:00     E
26  -2.7  -0.8   15:15  -4.3    6:00  21.0   0.0   0.0   2.3  11.3   14:45   ESE
27  -1.9   1.1   13:45  -4.1    8:30  20.2   0.0   0.0   1.1  12.9   12:15   ESE
28   0.4   5.9   12:30  -2.2   20:15  17.8   0.0   0.0   3.1  14.5    1:15     W
29  -1.6  -1.1    0:15  -1.9   22:15  19.9   0.0   0.0   3.5  19.3   18:00   ESE
30   0.4   1.9   23:30  -1.8    0:15  17.9   0.0   0.0   4.7  17.7    1:00   WSW
31   2.6   4.0   15:00   1.3    1:30  15.8   0.0   1.6   2.7  12.9    6:30   SSE
-------------------------------------------------------------------------------------
     2.0  10.2     7    -5.7    13   505.6   0.0 148.0   9.0  82.1     9      SW

Max >=  32.0:  0
Max <=   0.0:  5
Min <=   0.0: 15
Min <= -18.0:  0
Max Rain: 29.59 ON 02.12.18
Days of Rain: 18 (> .2 mm) 13 (> 2 mm) 2 (> 20 mm)
Heat Base:  18.3  Cool Base:  18.3  Method: Integration


Dieses Albis-Wetter und die Albis-Webcam sind eine ehrenamtliche Gratis-Dienstleistung von www.barmettler.com. Wir freuen uns auf Ihre Kontaktaufnahme! Vielen Dank!   Impressum/Datenschutz