Wetterstation mit Webcam
auf dem Albis auf 800 m.ü.M.
Prognosen
» MeteoSchweiz
» MyForecast
» Sturmwarnung Europa
» CalSky-Wetterseite
» Lawinenbulletin SLF
» Pollenprognose
Meteogramm

Quelle: CalSky.com
Wetterstation www.Albispass.ch  »Übersicht  »Werte  »Tagesverlauf  »Woche  »Monat  »Rechner  »Astro-Kalender

Seiten unterstützt von:



Klimatabellen
2002 »August »September »Oktober »November »Dezember
2003 »Januar »Februar »März »April »Mai »Juni »Juli »August »September »Oktober »November »Dezember
2004 »Januar »Februar »März »April »Mai »Juni »Juli »August »September »Oktober »November »Dezember
2005 »Januar »Februar »März »April »Mai »Juni »Juli »August »September »Oktober »November »Dezember
2006 »Januar »Februar »März »April »Mai »Juni »Juli »August »September »Oktober »November »Dezember
2007 »Januar »Februar »März »April »Mai »Juni »Juli »August »September »Oktober »November »Dezember
2008 »Januar »Februar »März »April »Mai »Juni »Juli »August »September »Oktober »November »Dezember
2009 »Januar »Februar »März »April »Mai »Juni »Juli »August »September »Oktober »November »Dezember
2010 »Januar »Februar »März »April »Mai »Juni »Juli »August »September »Oktober »November »Dezember
2011 »Januar »Februar »März »April »Mai »Juni »Juli »August »September »Oktober »November »Dezember
2012 »Januar »Februar »März »April »Mai »Juni »Juli »August »September »Oktober »November »Dezember
2013 »Januar »Februar »März »April »Mai »Juni »Juli »August »September »Oktober »November »Dezember
2014 »Januar »Februar »März »April »Mai »Juni »Juli »August »September »Oktober »November »Dezember
2015 »Januar »Februar »März »April »Mai »Juni »Juli »August »September »Oktober »November »Dezember
2016 »Januar »Februar »März »April »Mai »Juni »Juli »August »September »Oktober »November »Dezember
2017 »Januar »Februar »März »April »Mai »Juni »Juli »August »September »Oktober »November »Dezember
2018 »Januar »Februar »März »April »Mai »Juni »Juli »August »September »Oktober »November »Dezember
2019 »Januar »Februar »März »April »Mai »Juni »Juli »August »September »Oktober »November »Dezember
2020 »Januar »Februar »März »April »Mai

Datenarchiv


                   MONTHLY CLIMATOLOGICAL SUMMARY for OCT. 2018

NAME: Albis   CITY: Albis   STATE: Switzerland 
ELEV:   785 m  LAT:  47° 16' 38" N  LONG:   8° 31' 05" E

                   TEMPERATURE (°C), RAIN  (mm), WIND SPEED (km/hr)

                                      HEAT  COOL        AVG
    MEAN                              DEG   DEG         WIND                 DOM
DAY TEMP  HIGH   TIME   LOW    TIME   DAYS  DAYS  RAIN  SPEED HIGH   TIME    DIR
------------------------------------------------------------------------------------
 1   7.4  10.2    0:15   5.6   21:45  10.8   0.0  10.6   6.8  30.6    8:00    SW
 2   7.3  10.7   15:00   3.4    7:00  11.0   0.0   0.4   4.0  22.5   13:45    SW
 3  10.6  15.3   14:30   7.5    2:00   7.7   0.0   0.0   3.1  16.1   14:30    SW
 4  11.2  16.3   15:45   7.8    7:00   7.1   0.0   0.2   3.5  24.1   13:15    NE
 5  13.8  20.1   14:00   8.6    6:45   4.7   0.2   0.2   1.4  12.9   13:15   WSW
 6  15.2  20.9   14:30  11.2    5:30   3.4   0.3   0.0   3.5  19.3   13:00    SW
 7  14.8  19.2   15:30  11.5    6:15   3.5   0.0   0.0   3.7  24.1   16:15   ENE
 8  11.9  16.3   17:00  10.2    6:45   6.3   0.0   0.0   1.9  19.3    0:45   ENE
 9  13.3  16.8   14:30  11.6    6:00   5.0   0.0   0.0   1.4  14.5   12:45   ENE
10  14.4  21.2   16:45  10.5    9:15   4.1   0.2   0.2   6.0  27.4   18:00   ENE
11  14.4  17.5    2:30  11.2   23:30   3.9   0.0   0.0   4.2  20.9    9:15   ENE
12  16.3  21.4   14:45  12.0    0:15   2.5   0.5   0.0   1.8  14.5    0:15   ENE
13  16.0  20.9   14:45  12.2    7:30   2.7   0.4   0.0   1.8  12.9   21:45   ENE
14  17.0  22.7   14:00  13.1    6:45   2.1   0.8   0.0   3.4  22.5    7:45   ENE
15  16.2  21.5   15:45  12.2    3:30   2.5   0.4   0.0   4.2  19.3   16:15   ENE
16  15.0  19.1   15:15  12.9    8:15   3.3   0.0   0.0   1.3  16.1   15:00    NE
17  13.7  18.5   15:30  10.5    7:45   4.6   0.0   0.0   2.1  16.1   11:30   ENE
18  12.4  16.5   14:00   9.0    7:45   5.9   0.0   0.0   3.5  27.4   14:45   NNE
19   9.8  13.5   15:45   7.9   21:00   8.4   0.0   0.2   1.6  14.5    0:15   NNE
20  10.7  15.0   15:30   8.5    8:30   7.7   0.0   0.0   2.6  17.7   12:45    NE
21   8.4  11.8   15:45   5.6   00:00   9.9   0.0   0.2   4.3  22.5   16:00   ENE
22   6.6  11.2   15:00   2.6    7:45  11.7   0.0   0.0   5.0  25.7   19:15   ENE
23   8.1  13.6   15:30   3.4    8:00  10.3   0.0   0.0   5.0  22.5   20:15    SW
24  10.2  14.8   16:30   7.4    5:00   8.1   0.0   0.0   5.8  24.1    9:15    SW
25  11.2  17.3   15:15   7.3    8:15   7.1   0.0   0.0   2.7  17.7   12:30   ENE
26   8.8  14.8   16:15   6.2    7:30   9.5   0.0   0.4   3.5  17.7   14:45    SW
27   3.8   6.4    0:15   1.3   00:00  14.5   0.0  20.4   3.1  22.5   00:00   ENE
28   0.6   1.4    1:30  -0.3    4:15  17.7   0.0   5.4   3.4  25.7    8:00   ENE
29   2.7   7.2   21:15   0.8    2:30  15.6   0.0  12.4   6.1  49.9   23:30   ENE
30   2.2   6.9    1:00   0.3    8:00  16.1   0.0   6.6  10.8  48.3    5:30    SW
31   7.6  12.8   18:45   2.3    0:30  10.7   0.0   0.2   7.9  32.2   18:45   ENE
-------------------------------------------------------------------------------------
    10.7  22.7    14    -0.3    28   238.4   2.8  57.4   3.9  49.9    29     ENE

Max >=  32.0:  0
Max <=   0.0:  0
Min <=   0.0:  1
Min <= -18.0:  0
Max Rain: 20.40 ON 27.10.18
Days of Rain: 13 (> .2 mm) 5 (> 2 mm) 1 (> 20 mm)
Heat Base:  18.3  Cool Base:  18.3  Method: Integration


Dieses Albis-Wetter und die Albis-Webcam sind eine ehrenamtliche Gratis-Dienstleistung von www.barmettler.com. Wir freuen uns auf Ihre Kontaktaufnahme! Vielen Dank!   Impressum/Datenschutz