Wetterstation mit Webcam
auf dem Albis auf 800 m.ü.M.
Prognosen
» MeteoSchweiz
» MyForecast
» Sturmwarnung Europa
» CalSky-Wetterseite
Meteogramm

Quelle: CalSky.com
Wetterstation www.Albispass.ch  »Übersicht  »Werte  »Tagesverlauf  »Woche  »Monat  »Rechner  »Astro-Kalender

Seiten unterstützt von:



Klimatabellen
2002 »August »September »Oktober »November »Dezember
2003 »Januar »Februar »März »April »Mai »Juni »Juli »August »September »Oktober »November »Dezember
2004 »Januar »Februar »März »April »Mai »Juni »Juli »August »September »Oktober »November »Dezember
2005 »Januar »Februar »März »April »Mai »Juni »Juli »August »September »Oktober »November »Dezember
2006 »Januar »Februar »März »April »Mai »Juni »Juli »August »September »Oktober »November »Dezember
2007 »Januar »Februar »März »April »Mai »Juni »Juli »August »September »Oktober »November »Dezember
2008 »Januar »Februar »März »April »Mai »Juni »Juli »August »September »Oktober »November »Dezember
2009 »Januar »Februar »März »April »Mai »Juni »Juli »August »September »Oktober »November »Dezember
2010 »Januar »Februar »März »April »Mai »Juni »Juli »August »September »Oktober »November »Dezember
2011 »Januar »Februar »März »April »Mai »Juni »Juli »August »September »Oktober »November »Dezember
2012 »Januar »Februar »März »April »Mai »Juni »Juli »August »September »Oktober »November »Dezember
2013 »Januar »Februar »März »April »Mai »Juni »Juli »August »September »Oktober »November »Dezember
2014 »Januar »Februar »März »April »Mai »Juni »Juli »August »September »Oktober »November »Dezember
2015 »Januar »Februar »März »April »Mai »Juni »Juli »August »September »Oktober »November »Dezember
2016 »Januar »Februar »März »April »Mai »Juni »Juli »August »September »Oktober »November »Dezember
2017 »Januar »Februar »März »April »Mai »Juni »Juli »August »September »Oktober »November »Dezember
2018 »Januar »Februar »März »April »Mai »Juni »Juli »August »September »Oktober »November »Dezember
2019 »Januar »Februar »März »April »Mai »Juni »Juli »August »September »Oktober »November »Dezember
2020 »Januar »Februar »März »April »Mai »Juni »Juli »August »September »Oktober

Datenarchiv


                   MONTHLY CLIMATOLOGICAL SUMMARY for JUN. 2018

NAME: Albis   CITY: Albis   STATE: Switzerland 
ELEV:   785 m  LAT:  47° 16' 38" N  LONG:   8° 31' 05" E

                   TEMPERATURE (°C), RAIN  (mm), WIND SPEED (km/hr)

                                      HEAT  COOL        AVG
    MEAN                              DEG   DEG         WIND                 DOM
DAY TEMP  HIGH   TIME   LOW    TIME   DAYS  DAYS  RAIN  SPEED HIGH   TIME    DIR
------------------------------------------------------------------------------------
 1  16.2  22.2   15:00  11.4    5:15   2.8   0.7   4.6   4.7  22.5    0:15    SW
 2  18.0  23.3   15:45  12.8    5:00   1.6   1.3   0.2   2.1  20.9   21:30   ENE
 3  19.1  23.7   16:45  14.1    5:30   0.9   1.7   0.0   4.0  25.7   17:00   ENE
 4  17.8  24.7   15:00  14.3   21:45   1.7   1.2   4.8   4.8  33.8   19:30   ENE
 5  18.5  24.4   16:45  13.4    3:15   1.5   1.7   0.2   4.2  25.7   19:30   ENE
 6  19.1  24.2   16:00  14.6    4:30   1.0   1.7   3.4   4.5  22.5   14:45    SW
 7  17.6  22.1   15:00  14.2    4:15   1.7   1.0   2.0   3.9  25.7    1:00    SW
 8  17.2  23.4   14:00  14.5    3:00   1.9   0.7   8.0   2.9  22.5   16:45   ENE
 9  18.7  24.6   15:45  14.6    4:15   1.4   1.8   2.2   4.3  24.1   19:45    SW
10  20.6  25.4   14:15  15.1    2:45   0.8   3.0   0.2   2.3  17.7   11:00    SW
11  18.3  21.8   11:30  15.6   00:00   0.6   0.6   4.8   2.7  32.2   16:45    SW
12  15.2  17.6   11:00  13.2   23:30   3.1   0.0   7.4   4.2  20.9   14:30    SW
13  11.1  13.5    2:45   9.8   00:00   7.2   0.0  14.2   2.3  20.9   13:45   ENE
14  13.2  19.0   17:30   8.3    5:30   5.1   0.0   0.2   2.6  19.3   22:15   ENE
15  16.0  21.0   17:30  10.6    5:15   2.9   0.5   0.0   2.6  25.7   13:30   ENE
16  18.1  23.1   16:15  11.7    5:30   1.6   1.4   0.0   2.1  17.7   11:15   ENE
17  16.6  21.4   16:15  14.2    3:00   2.0   0.3   0.0   2.4  25.7   18:15     W
18  17.3  23.1   16:15  13.4    5:00   1.9   0.9   0.0   3.1  24.1   17:15     W
19  19.1  24.1   16:30  13.7    6:00   1.1   1.9   0.0   2.4  24.1    0:15   ENE
20  21.6  28.1   19:15  14.8    5:00   0.6   3.9   0.0   1.9  16.1   12:15   NNE
21  20.8  26.3   13:45  15.7   00:00   0.3   2.8   0.0   5.1  32.2   13:30    SW
22  13.7  18.3   14:45   9.1    6:45   4.6   0.0   0.0   3.9  25.7    2:00   ENE
23  14.1  19.6   16:30   8.4    5:30   4.3   0.1   0.0   3.2  20.9    1:00   ENE
24  14.4  18.9   18:15   9.3    5:30   3.8   0.0   0.0   2.7  19.3    1:15   ENE
25  15.4  20.1   17:00  12.1    5:45   3.1   0.2   0.0   4.2  24.1   13:30   ENE
26  17.3  22.7   16:00  11.4    5:30   2.2   1.2   0.0   5.0  24.1   15:00   ENE
27  17.4  22.8   15:45  12.6    5:30   2.0   1.1   0.0   6.0  35.4   14:30   ENE
28  15.2  19.8   12:45  11.4    5:45   3.2   0.0   0.0   6.8  41.8   10:30   ENE
29  17.1  22.6   17:15  12.4    3:30   2.2   1.0   0.0   6.4  33.8   11:45   ENE
30  21.9  28.2   16:15  15.4    5:45   0.6   4.2   0.0   3.5  24.1   21:30   ENE
-------------------------------------------------------------------------------------
    17.2  28.2    30     8.3    14    67.7  35.0  52.2   3.7  41.8    28     ENE

Max >=  32.0:  0
Max <=   0.0:  0
Min <=   0.0:  0
Min <= -18.0:  0
Max Rain: 14.20 ON 13.06.18
Days of Rain: 13 (> .2 mm) 9 (> 2 mm) 0 (> 20 mm)
Heat Base:  18.3  Cool Base:  18.3  Method: Integration


Dieses Albis-Wetter und die Albis-Webcam sind eine ehrenamtliche Gratis-Dienstleistung von www.barmettler.com. Wir freuen uns auf Ihre Kontaktaufnahme! Vielen Dank!   Impressum/Datenschutz