Wetterstation mit Webcam
auf dem Albis auf 800 m.ü.M.
Prognosen
» MeteoSchweiz
» MyForecast
» Sturmwarnung Europa
» CalSky-Wetterseite
Meteogramm

Quelle: CalSky.com
Wetterstation www.Albispass.ch  »Übersicht  »Werte  »Tagesverlauf  »Woche  »Monat  »Rechner  »Astro-Kalender

Seiten unterstützt von:



Klimatabellen
2002 »August »September »Oktober »November »Dezember
2003 »Januar »Februar »März »April »Mai »Juni »Juli »August »September »Oktober »November »Dezember
2004 »Januar »Februar »März »April »Mai »Juni »Juli »August »September »Oktober »November »Dezember
2005 »Januar »Februar »März »April »Mai »Juni »Juli »August »September »Oktober »November »Dezember
2006 »Januar »Februar »März »April »Mai »Juni »Juli »August »September »Oktober »November »Dezember
2007 »Januar »Februar »März »April »Mai »Juni »Juli »August »September »Oktober »November »Dezember
2008 »Januar »Februar »März »April »Mai »Juni »Juli »August »September »Oktober »November »Dezember
2009 »Januar »Februar »März »April »Mai »Juni »Juli »August »September »Oktober »November »Dezember
2010 »Januar »Februar »März »April »Mai »Juni »Juli »August »September »Oktober »November »Dezember
2011 »Januar »Februar »März »April »Mai »Juni »Juli »August »September »Oktober »November »Dezember
2012 »Januar »Februar »März »April »Mai »Juni »Juli »August »September »Oktober »November »Dezember
2013 »Januar »Februar »März »April »Mai »Juni »Juli »August »September »Oktober »November »Dezember
2014 »Januar »Februar »März »April »Mai »Juni »Juli »August »September »Oktober »November »Dezember
2015 »Januar »Februar »März »April »Mai »Juni »Juli »August »September »Oktober »November »Dezember
2016 »Januar »Februar »März »April »Mai »Juni »Juli »August »September »Oktober »November »Dezember
2017 »Januar »Februar »März »April »Mai »Juni »Juli »August »September »Oktober »November »Dezember
2018 »Januar »Februar »März »April »Mai »Juni »Juli »August »September »Oktober »November »Dezember
2019 »Januar »Februar »März »April »Mai »Juni »Juli »August »September »Oktober »November »Dezember
2020 »Januar »Februar »März »April »Mai »Juni »Juli »August »September

Datenarchiv


                            ANNUAL CLIMATOLOGICAL SUMMARY

NAME: Albis  CITY: Albis   STATE: Switzerland  
ELEV:   785 m  LAT:  47° 16' 38" N  LONG:   8° 31' 05" E

               TEMPERATURE (°C), HEAT BASE 18.3, COOL BASE 18.3
                          DEP.  HEAT  COOL                                          
        MEAN  MEAN        FROM  DEG   DEG                        MAX  MAX  MIN  MIN 
 YR MO  MAX   MIN   MEAN  NORM  DAYS  DAYS  HI  DATE  LOW  DATE  >=32 <=0  <=0  <=-18 
------------------------------------------------------------------------------------
 18  1   6.3   1.1   3.2   0.0   468     0  12.1   3  -3.8   15    0    1    9    0
 18  2  -1.0  -4.8  -3.1   0.0   600     0   5.3   1 -13.9   28    0   17   27    0
 18  3   6.5  -0.2   2.6   0.0   488     0  13.0  25  -9.7    2    0    3   13    0
 18  4  18.1   7.7  12.4   0.0   187    10  25.3  21   0.6    2    0    0    0    0
 18  5  18.9   9.8  14.0   0.0   153    19  25.9  26   4.8    1    0    0    0    0
 18  6  22.3  12.7  17.2   0.0    68    35  28.2  30   8.3   14    0    0    0    0
 18  7  25.9  15.1  20.2   0.0    31    91  33.3  31  11.3   12    1    0    0    0
 18  8  25.9  15.1  19.8   0.0    46    92  32.9   4   6.2   26    3    0    0    0
 18  9  20.9  11.3  15.7   0.0   107    28  27.4  12   2.8   26    0    0    0    0
 18 10  15.2   7.6  10.7   0.0   238     3  22.7  14  -0.3   28    0    0    1    0
 18 11   7.5   2.7   4.7   0.0   408     0  17.9   6  -2.7   20    0    3   10    0
 18 12   4.3  -0.0   2.0   0.0   506     0  10.2   7  -5.7   13    0    5   15    0
------------------------------------------------------------------------------------
        14.3   6.6  10.0   0.0  3298   279  33.3 JUL -13.9  FEB    4   29   75    0

                                PRECIPITATION (mm)

               DEP.   MAX        DAYS OF RAIN 
               FROM   OBS.          OVER
 YR MO  TOTAL  NORM   DAY  DATE  .2   2   20
---------------------------------------------
 18  1  66.6    0.0  27.0   22   15    9    1
 18  2  38.4    0.0   9.0    1   11    5    0
 18  3  74.0    0.0  16.6   31   25    9    0
 18  4  17.8    0.0   4.8    4    8    4    0
 18  5 121.0    0.0  20.6   30   18   11    1
 18  6  52.2    0.0  14.2   13   13    9    0
 18  7  45.2    0.0  25.6    5    8    5    1
 18  8  81.5    0.0  12.4   31   15   12    0
 18  9  78.0    0.0  22.2   13   11    6    2
 18 10  57.4    0.0  20.4   27   13    5    1
 18 11  22.0    0.0   6.0   30   17    4    0
 18 12 148.0    0.0  29.6    2   18   13    2
---------------------------------------------
       802.3   0.0  29.6  DEC  172   92    8

                                WIND SPEED (km/hr)
                          DOM
 YR MO   AVG.  HI   DATE  DIR
---------------------------------
 18  1  11.2 119.1    3     W
 18  2   4.6  40.2    1   ENE
 18  3   6.9  51.5   13    SW
 18  4   5.9  54.7    1   ENE
 18  5   4.4  40.2   12   ENE
 18  6   3.7  41.8   28   ENE
 18  7   3.8  49.9   28   ENE
 18  8   3.9  54.7    9    SW
 18  9   3.6  72.4   23   ENE
 18 10   3.9  49.9   29   ENE
 18 11   3.8  43.5    1   ENE
 18 12   9.0  82.1    9    SW
---------------------------------
         5.4 119.1  JAN  ENE


Dieses Albis-Wetter und die Albis-Webcam sind eine ehrenamtliche Gratis-Dienstleistung von www.barmettler.com. Wir freuen uns auf Ihre Kontaktaufnahme! Vielen Dank!   Impressum/Datenschutz