Wetterstation mit Webcam
auf dem Albis auf 800 m.ü.M.
Prognosen
» MeteoSchweiz
» MyForecast
» Sturmwarnung Europa
» CalSky-Wetterseite
Meteogramm

Quelle: CalSky.com
Wetterstation www.Albispass.ch  »Übersicht  »Werte  »Tagesverlauf  »Woche  »Monat  »Rechner  »Astro-Kalender

Seiten unterstützt von:



Klimatabellen
2002 »August »September »Oktober »November »Dezember
2003 »Januar »Februar »März »April »Mai »Juni »Juli »August »September »Oktober »November »Dezember
2004 »Januar »Februar »März »April »Mai »Juni »Juli »August »September »Oktober »November »Dezember
2005 »Januar »Februar »März »April »Mai »Juni »Juli »August »September »Oktober »November »Dezember
2006 »Januar »Februar »März »April »Mai »Juni »Juli »August »September »Oktober »November »Dezember
2007 »Januar »Februar »März »April »Mai »Juni »Juli »August »September »Oktober »November »Dezember
2008 »Januar »Februar »März »April »Mai »Juni »Juli »August »September »Oktober »November »Dezember
2009 »Januar »Februar »März »April »Mai »Juni »Juli »August »September »Oktober »November »Dezember
2010 »Januar »Februar »März »April »Mai »Juni »Juli »August »September »Oktober »November »Dezember
2011 »Januar »Februar »März »April »Mai »Juni »Juli »August »September »Oktober »November »Dezember
2012 »Januar »Februar »März »April »Mai »Juni »Juli »August »September »Oktober »November »Dezember
2013 »Januar »Februar »März »April »Mai »Juni »Juli »August »September »Oktober »November »Dezember
2014 »Januar »Februar »März »April »Mai »Juni »Juli »August »September »Oktober »November »Dezember
2015 »Januar »Februar »März »April »Mai »Juni »Juli »August »September »Oktober »November »Dezember
2016 »Januar »Februar »März »April »Mai »Juni »Juli »August »September »Oktober »November »Dezember
2017 »Januar »Februar »März »April »Mai »Juni »Juli »August »September »Oktober »November »Dezember
2018 »Januar »Februar »März »April »Mai »Juni »Juli »August »September »Oktober »November »Dezember
2019 »Januar »Februar »März »April »Mai »Juni »Juli »August »September »Oktober »November »Dezember
2020 »Januar »Februar »März »April »Mai »Juni »Juli »August »September »Oktober

Datenarchiv


                   MONTHLY CLIMATOLOGICAL SUMMARY for MAR. 2016

NAME: Albis   CITY: Albis   STATE: Switzerland 
ELEV:   785 m  LAT:  47° 16' 38" N  LONG:   8° 31' 05" E

                   TEMPERATURE (°C), RAIN  (mm), WIND SPEED (km/hr)

                                      HEAT  COOL        AVG
    MEAN                              DEG   DEG         WIND                 DOM
DAY TEMP  HIGH   TIME   LOW    TIME   DAYS  DAYS  RAIN  SPEED HIGH   TIME    DIR
------------------------------------------------------------------------------------
 1  -0.3   2.1   14:15  -2.4    5:45  18.7   0.0   3.4   6.3  43.5   21:45     W
 2   1.2   5.1   13:15  -1.1   00:00  17.1   0.0   6.0  13.5  57.9   15:45     W
 3  -1.3   0.1   15:45  -3.7    7:00  19.6   0.0   3.2  12.2  35.4    0:15     W
 4   0.0   2.8   12:30  -3.4    4:30  18.3   0.0   0.0   6.0  29.0    1:30     W
 5   0.5   2.0    2:00  -0.8   23:30  17.8   0.0   9.2   3.2  20.9    8:00   WSW
 6  -0.7   1.9   11:15  -2.3   23:30  19.0   0.0   0.4   8.2  35.4   14:30     W
 7  -0.1   4.8   15:00  -3.9    7:00  18.3   0.0   0.0   4.3  22.5   20:45     W
 8  -1.3   1.9   15:45  -2.5    7:15  19.6   0.0   6.6   4.5  20.9    2:15     W
 9  -0.7   4.3   16:30  -3.2    7:00  19.0   0.0   0.0   1.4  12.9   14:45     E
10   1.9   6.6   14:30  -2.4    1:00  16.4   0.0   0.0   2.4  20.9   21:00     E
11   2.1   4.6   14:15  -0.2    7:30  16.2   0.0   0.0   4.8  38.6   12:30   SSE
12   2.0   2.6   14:30   1.0    7:30  16.3   0.0   0.0   3.9  19.3    0:15   SSE
13   2.1   3.6   14:45   1.2    8:30  16.2   0.0   0.0   7.2  37.0   15:15     S
14   1.4   2.4   17:30   0.7    7:45  16.9   0.0   0.0   4.7  27.4    0:45   SSW
15   0.7   5.7   13:15  -1.6    6:30  17.6   0.0   3.6   2.3  19.3   15:30   SSW
16   0.3   3.7   16:45  -2.2    6:30  18.0   0.0   0.0   8.4  37.0   12:00   SSW
17   3.7   9.5   16:30  -1.7    5:45  14.6   0.0   0.0   4.3  22.5    0:30   SSW
18   6.6  11.8   17:00   1.2    6:15  11.7   0.0   0.0   1.9  14.5   12:15   SSW
19   7.6  13.5   15:45   2.9    7:15  10.8   0.0   0.0   2.4  16.1   14:45   SSE
20   3.6  10.1   14:30  -0.2    4:30  14.7   0.0   0.0   4.2  17.7    0:45   SSW
21   2.2   5.2   17:15   0.2    3:45  16.1   0.0   0.0   2.9  17.7    2:45   SSE
22   3.6   8.3   15:15   0.1    6:30  14.7   0.0   0.2   5.0  30.6   11:00   SSW
23   2.4   5.6   12:30   0.2    6:45  15.9   0.0   1.0   3.4  20.9    2:30     S
24   4.2   9.3   16:15   1.3    5:30  14.1   0.0   0.4   2.1  16.1   16:00   ENE
25   3.4   4.5   11:00   2.1    3:45  14.9   0.0   3.6  13.8  45.1   17:30     N
26   7.4  12.8   15:00   3.6    6:30  10.9   0.0   3.4   6.8  33.8    0:15     N
27   6.4   8.5   11:30   3.0   23:30  11.4   0.0   0.4  10.6  53.1   10:15     N
28   6.8  12.6   17:30   1.7    8:00  11.5   0.0   0.2  11.7  56.3   22:45     N
29   8.1  12.8   17:30   5.2    6:00  10.2   0.0   1.6  15.8  67.6    1:00   NNW
30  10.6  16.4   15:15   6.0    6:00   7.7   0.0   0.2   8.0  37.0   14:15   NNW
31  14.5  20.3   14:15   9.5    7:30   4.0   0.2   0.0   3.9  20.9   13:30   WNW
-------------------------------------------------------------------------------------
     3.2  20.3    31    -3.9     7   468.1   0.2  43.4   6.1  67.6    29       W

Max >=  32.0:  0
Max <=   0.0:  0
Min <=   0.0: 15
Min <= -18.0:  0
Max Rain: 9.19 ON 05.03.16
Days of Rain: 16 (> .2 mm) 8 (> 2 mm) 0 (> 20 mm)
Heat Base:  18.3  Cool Base:  18.3  Method: Integration


Dieses Albis-Wetter und die Albis-Webcam sind eine ehrenamtliche Gratis-Dienstleistung von www.barmettler.com. Wir freuen uns auf Ihre Kontaktaufnahme! Vielen Dank!   Impressum/Datenschutz