Wetterstation mit Webcam
auf dem Albis auf 800 m.ü.M.
Prognosen
» MeteoSchweiz
» MyForecast
» Sturmwarnung Europa
» CalSky-Wetterseite
Meteogramm

Quelle: CalSky.com
Wetterstation www.Albispass.ch  »Übersicht  »Werte  »Tagesverlauf  »Woche  »Monat  »Rechner  »Astro-Kalender

Seiten unterstützt von:



Klimatabellen
2002 »August »September »Oktober »November »Dezember
2003 »Januar »Februar »März »April »Mai »Juni »Juli »August »September »Oktober »November »Dezember
2004 »Januar »Februar »März »April »Mai »Juni »Juli »August »September »Oktober »November »Dezember
2005 »Januar »Februar »März »April »Mai »Juni »Juli »August »September »Oktober »November »Dezember
2006 »Januar »Februar »März »April »Mai »Juni »Juli »August »September »Oktober »November »Dezember
2007 »Januar »Februar »März »April »Mai »Juni »Juli »August »September »Oktober »November »Dezember
2008 »Januar »Februar »März »April »Mai »Juni »Juli »August »September »Oktober »November »Dezember
2009 »Januar »Februar »März »April »Mai »Juni »Juli »August »September »Oktober »November »Dezember
2010 »Januar »Februar »März »April »Mai »Juni »Juli »August »September »Oktober »November »Dezember
2011 »Januar »Februar »März »April »Mai »Juni »Juli »August »September »Oktober »November »Dezember
2012 »Januar »Februar »März »April »Mai »Juni »Juli »August »September »Oktober »November »Dezember
2013 »Januar »Februar »März »April »Mai »Juni »Juli »August »September »Oktober »November »Dezember
2014 »Januar »Februar »März »April »Mai »Juni »Juli »August »September »Oktober »November »Dezember
2015 »Januar »Februar »März »April »Mai »Juni »Juli »August »September »Oktober »November »Dezember
2016 »Januar »Februar »März »April »Mai »Juni »Juli »August »September »Oktober »November »Dezember
2017 »Januar »Februar »März »April »Mai »Juni »Juli »August »September »Oktober »November »Dezember
2018 »Januar »Februar »März »April »Mai »Juni »Juli »August »September »Oktober »November »Dezember
2019 »Januar »Februar »März »April »Mai »Juni »Juli »August »September »Oktober »November »Dezember
2020 »Januar »Februar »März »April »Mai »Juni »Juli »August »September »Oktober

Datenarchiv


                   MONTHLY CLIMATOLOGICAL SUMMARY for AUG. 2015

NAME: Albis   CITY: Albis   STATE: Switzerland 
ELEV:   785 m  LAT:  47° 16' 38" N  LONG:   8° 31' 05" E

                   TEMPERATURE (°C), RAIN  (mm), WIND SPEED (km/hr)

                                      HEAT  COOL        AVG
    MEAN                              DEG   DEG         WIND                 DOM
DAY TEMP  HIGH   TIME   LOW    TIME   DAYS  DAYS  RAIN  SPEED HIGH   TIME    DIR
------------------------------------------------------------------------------------
 1  15.4  17.8   15:45  12.7    8:00   2.9   0.0   5.0   3.2  27.4    6:30   ENE
 2  18.1  23.8   17:00  13.8    6:45   1.7   1.4   0.2   4.8  25.7   15:15   ENE
 3  22.3  28.9   17:00  15.1    6:30   0.6   4.6   0.0   4.2  20.9   15:30    SW
 4  20.2  23.8   11:45  17.7    6:15   0.0   1.9   0.4   5.3  32.2   11:15    SW
 5  21.7  28.6   17:00  15.1    6:45   0.6   4.0   0.0   3.7  24.1   15:00   ENE
 6  26.1  32.3   15:45  19.3    6:30   0.0   7.8   0.0   2.7  19.3   13:00    SW
 7  26.6  32.4   17:15  20.0    6:45   0.0   8.3   0.0   4.0  16.1    8:00   ENE
 8  25.8  32.1   14:30  20.2    7:15   0.0   7.5   0.0   4.8  35.4    2:45    SW
 9  20.8  26.2   15:15  17.8   23:45   0.0   2.6   4.0   5.5  32.2   12:15   WSW
10  20.2  25.7   16:45  16.3    7:15   0.4   2.3   4.4   3.4  17.7    5:15   ENE
11  21.1  27.1   17:00  17.3    6:30   0.2   3.0   0.4   2.1  24.1   15:45   ENE
12  23.9  29.8   16:15  18.1    7:15   0.0   5.6   0.0   2.4  20.9   15:45   ENE
13  24.0  31.3   16:45  16.0   00:00   0.1   5.8   0.0   5.3  46.7   20:00   ENE
14  17.0  20.9   16:00  14.2   20:45   1.6   0.3  11.6   5.8  32.2   18:30    SW
15  14.1  14.9    2:00  11.8   23:45   4.3   0.0  24.6   5.3  22.5   10:30    SW
16  12.9  15.4   14:45  11.4    2:30   5.4   0.0  19.0   1.6  16.1    1:30     W
17  14.1  18.3   16:15  11.1    6:15   4.2   0.0   0.2   1.6  14.5   16:30    NE
18  14.4  18.8   13:30  10.9    5:45   3.9   0.0   0.2   2.3  14.5   12:15    SW
19  12.0  13.3    0:15  10.3   10:45   6.3   0.0  50.6   1.6  16.1    3:00   ENE
20  15.3  21.4   16:30  10.3    6:15   3.4   0.4   0.0   2.7  17.7   11:45   ENE
21  16.7  21.9   16:00  12.2    8:15   2.3   0.7   0.2   4.5  20.9   13:00   ENE
22  17.9  23.6   16:45  12.4    7:15   1.6   1.3   0.0   3.5  19.3   14:00   ENE
23  17.0  21.1   12:00  14.7   23:30   1.7   0.4   1.6   2.9  20.9   12:15   ENE
24  15.0  21.8   15:00  11.3   21:45   3.6   0.3  20.6   6.3  37.0   18:45   WSW
25  14.7  20.2   16:30  10.6    7:30   3.8   0.2   0.2   5.1  32.2    1:30    SW
26  17.6  24.6   17:15  11.2    5:30   2.3   1.5   0.0   2.4  14.5   12:00   WSW
27  21.0  27.8   15:15  14.8    5:45   0.8   3.5   0.0   4.2  17.7   00:00    SW
28  22.9  28.8   16:15  17.8    7:30   0.0   4.6   0.0   5.3  27.4   13:15   WSW
29  23.5  29.4   16:00  18.1    6:45   0.0   5.2   0.0   3.2  17.7   16:00   ENE
30  24.3  30.8   17:15  18.8    5:45   0.0   6.0   0.0   3.9  16.1    4:30    SW
31  23.2  29.0   15:45  18.2    5:00   0.0   4.9   0.0   4.8  20.9   16:30    SW
-------------------------------------------------------------------------------------
    19.3  32.4     7    10.3    19    51.9  84.2 143.2   3.8  46.7    13     ENE

Max >=  32.0:  3
Max <=   0.0:  0
Min <=   0.0:  0
Min <= -18.0:  0
Max Rain: 50.60 ON 19.08.15
Days of Rain: 16 (> .2 mm) 8 (> 2 mm) 3 (> 20 mm)
Heat Base:  18.3  Cool Base:  18.3  Method: Integration


Dieses Albis-Wetter und die Albis-Webcam sind eine ehrenamtliche Gratis-Dienstleistung von www.barmettler.com. Wir freuen uns auf Ihre Kontaktaufnahme! Vielen Dank!   Impressum/Datenschutz