Wetterstation mit Webcam
auf dem Albis auf 800 m.ü.M.
Prognosen
» MeteoSchweiz
» MyForecast
» Sturmwarnung Europa
» CalSky-Wetterseite
Meteogramm

Quelle: CalSky.com
Wetterstation www.Albispass.ch  »Übersicht  »Werte  »Tagesverlauf  »Woche  »Monat  »Rechner  »Astro-Kalender

Seiten unterstützt von:



Klimatabellen
2002 »August »September »Oktober »November »Dezember
2003 »Januar »Februar »März »April »Mai »Juni »Juli »August »September »Oktober »November »Dezember
2004 »Januar »Februar »März »April »Mai »Juni »Juli »August »September »Oktober »November »Dezember
2005 »Januar »Februar »März »April »Mai »Juni »Juli »August »September »Oktober »November »Dezember
2006 »Januar »Februar »März »April »Mai »Juni »Juli »August »September »Oktober »November »Dezember
2007 »Januar »Februar »März »April »Mai »Juni »Juli »August »September »Oktober »November »Dezember
2008 »Januar »Februar »März »April »Mai »Juni »Juli »August »September »Oktober »November »Dezember
2009 »Januar »Februar »März »April »Mai »Juni »Juli »August »September »Oktober »November »Dezember
2010 »Januar »Februar »März »April »Mai »Juni »Juli »August »September »Oktober »November »Dezember
2011 »Januar »Februar »März »April »Mai »Juni »Juli »August »September »Oktober »November »Dezember
2012 »Januar »Februar »März »April »Mai »Juni »Juli »August »September »Oktober »November »Dezember
2013 »Januar »Februar »März »April »Mai »Juni »Juli »August »September »Oktober »November »Dezember
2014 »Januar »Februar »März »April »Mai »Juni »Juli »August »September »Oktober »November »Dezember
2015 »Januar »Februar »März »April »Mai »Juni »Juli »August »September »Oktober »November »Dezember
2016 »Januar »Februar »März »April »Mai »Juni »Juli »August »September »Oktober »November »Dezember
2017 »Januar »Februar »März »April »Mai »Juni »Juli »August »September »Oktober »November »Dezember
2018 »Januar »Februar »März »April »Mai »Juni »Juli »August »September »Oktober »November »Dezember
2019 »Januar »Februar »März »April »Mai »Juni »Juli »August »September »Oktober »November »Dezember
2020 »Januar »Februar »März »April »Mai »Juni »Juli »August »September »Oktober

Datenarchiv


                   MONTHLY CLIMATOLOGICAL SUMMARY for SEP. 2014

NAME: Albis   CITY: Albis   STATE: Switzerland 
ELEV:   785 m  LAT:  47° 16' 38" N  LONG:   8° 31' 05" E

                   TEMPERATURE (°C), RAIN  (mm), WIND SPEED (km/hr)

                                      HEAT  COOL        AVG
    MEAN                              DEG   DEG         WIND                 DOM
DAY TEMP  HIGH   TIME   LOW    TIME   DAYS  DAYS  RAIN  SPEED HIGH   TIME    DIR
------------------------------------------------------------------------------------
 1  11.1  14.2   15:30   9.1    4:15   7.2   0.0   4.4   3.2  20.9    1:45   ENE
 2  12.1  16.5   14:45   8.4    5:15   6.2   0.0   0.2   4.7  24.1   14:00   ENE
 3  13.0  15.8   16:15  10.7    2:30   5.3   0.0   0.0   5.3  35.4    9:30     E
 4  15.0  18.8   15:15  11.8    4:15   3.3   0.0   0.0   3.1  17.7   12:30   ENE
 5  16.6  20.2   17:30  14.3    6:45   1.9   0.2   0.0   3.1  12.9   21:30     E
 6  17.8  22.9   17:30  13.3    7:15   1.6   1.1   0.0   2.1  14.5   13:45     E
 7  18.7  24.3   17:00  13.4    6:15   1.4   1.7   0.0   2.9  16.1   16:15    SW
 8  19.7  25.8   16:15  14.0    7:00   1.0   2.3   0.0   2.7  14.5   14:15    NW
 9  17.6  21.7   11:30  14.3   00:00   1.4   0.6   1.4   2.6  22.5   20:00   WSW
10  15.5  19.1   16:45  13.1   00:00   2.9   0.0   1.6   3.4  24.1   14:45     E
11  12.0  15.5   14:45   9.7   23:45   6.3   0.0   2.4   4.3  22.5    0:15     E
12   9.7  11.6   11:45   8.1    7:00   8.6   0.0   2.0   6.1  24.1   21:30   WSW
13  11.6  15.6   16:00   9.3    0:15   6.8   0.0   0.4   6.1  25.7   16:30   WSW
14  13.7  18.7   16:30  10.3    5:15   4.6   0.0   0.2   4.3  25.7   14:15     E
15  14.9  19.4   15:45  11.8    4:30   3.5   0.1   0.0   2.6  14.5   13:30   ENE
16  16.5  21.1   16:15  12.1    7:30   2.3   0.5   0.0   3.5  17.7   22:30   ENE
17  16.8  21.1   15:15  13.3    5:45   2.0   0.5   0.2   4.0  16.1   12:30   ENE
18  17.1  20.7   13:30  13.9    5:30   1.5   0.2   0.0   3.4  17.7   21:00   ENE
19  17.6  21.7   12:00  14.5    6:00   1.4   0.7   0.0   2.4  16.1   14:00   WNW
20  17.2  22.4   16:45  14.3    7:15   1.8   0.7   0.0   5.3  24.1    0:15   WSW
21  13.9  19.9   13:30  11.6   00:00   4.4   0.0   2.0   9.0  33.8   20:15   WSW
22  10.5  13.8   14:45   7.7   00:00   7.8   0.0  14.0   2.9  25.7   15:00   ENE
23   8.8  14.2   16:15   4.2    5:45   9.4   0.0   6.0   6.1  33.8   12:00     E
24  11.3  17.6   15:30   6.4    6:45   6.9   0.0   1.4   5.3  25.7   22:00     W
25  10.1  14.8   16:00   8.3    5:30   8.2   0.0   1.0   5.8  24.1    0:30   WSW
26  10.9  15.8   15:15   7.1    7:30   7.4   0.0   0.2   2.4  14.5   12:30   ENE
27  13.2  18.5   16:15   8.4    8:00   5.1   0.0   0.2   4.2  16.1    6:00   ENE
28  14.9  20.9   15:15  10.4    5:45   3.7   0.3   0.2   2.6  14.5   13:30     E
29  16.4  21.7   17:00  12.2    5:45   2.5   0.6   0.0   1.8  11.3   13:15   WNW
30  14.6  16.8   13:45  13.1   21:00   3.7   0.0   2.2   2.6  12.9   16:30    SW
-------------------------------------------------------------------------------------
    14.3  25.8     8     4.2    23   130.1   9.8  40.0   3.9  35.4     3       E

Max >=  32.0:  0
Max <=   0.0:  0
Min <=   0.0:  0
Min <= -18.0:  0
Max Rain: 14.00 ON 22.09.14
Days of Rain: 18 (> .2 mm) 7 (> 2 mm) 0 (> 20 mm)
Heat Base:  18.3  Cool Base:  18.3  Method: Integration


Dieses Albis-Wetter und die Albis-Webcam sind eine ehrenamtliche Gratis-Dienstleistung von www.barmettler.com. Wir freuen uns auf Ihre Kontaktaufnahme! Vielen Dank!   Impressum/Datenschutz