Wetterstation mit Webcam
auf dem Albis auf 800 m.ü.M.
Prognosen
» MeteoSchweiz
» MyForecast
» Sturmwarnung Europa
» CalSky-Wetterseite
Meteogramm

Quelle: CalSky.com
Wetterstation www.Albispass.ch  »Übersicht  »Werte  »Tagesverlauf  »Woche  »Monat  »Rechner  »Astro-Kalender

Seiten unterstützt von:



Klimatabellen
2002 »August »September »Oktober »November »Dezember
2003 »Januar »Februar »März »April »Mai »Juni »Juli »August »September »Oktober »November »Dezember
2004 »Januar »Februar »März »April »Mai »Juni »Juli »August »September »Oktober »November »Dezember
2005 »Januar »Februar »März »April »Mai »Juni »Juli »August »September »Oktober »November »Dezember
2006 »Januar »Februar »März »April »Mai »Juni »Juli »August »September »Oktober »November »Dezember
2007 »Januar »Februar »März »April »Mai »Juni »Juli »August »September »Oktober »November »Dezember
2008 »Januar »Februar »März »April »Mai »Juni »Juli »August »September »Oktober »November »Dezember
2009 »Januar »Februar »März »April »Mai »Juni »Juli »August »September »Oktober »November »Dezember
2010 »Januar »Februar »März »April »Mai »Juni »Juli »August »September »Oktober »November »Dezember
2011 »Januar »Februar »März »April »Mai »Juni »Juli »August »September »Oktober »November »Dezember
2012 »Januar »Februar »März »April »Mai »Juni »Juli »August »September »Oktober »November »Dezember
2013 »Januar »Februar »März »April »Mai »Juni »Juli »August »September »Oktober »November »Dezember
2014 »Januar »Februar »März »April »Mai »Juni »Juli »August »September »Oktober »November »Dezember
2015 »Januar »Februar »März »April »Mai »Juni »Juli »August »September »Oktober »November »Dezember
2016 »Januar »Februar »März »April »Mai »Juni »Juli »August »September »Oktober »November »Dezember
2017 »Januar »Februar »März »April »Mai »Juni »Juli »August »September »Oktober »November »Dezember
2018 »Januar »Februar »März »April »Mai »Juni »Juli »August »September »Oktober »November »Dezember
2019 »Januar »Februar »März »April »Mai »Juni »Juli »August »September »Oktober »November »Dezember
2020 »Januar »Februar »März »April »Mai »Juni »Juli »August »September

Datenarchiv


                   MONTHLY CLIMATOLOGICAL SUMMARY for AUG. 2014

NAME: Albis   CITY: Albis   STATE: Switzerland 
ELEV:   785 m  LAT:  47° 16' 38" N  LONG:   8° 31' 05" E

                   TEMPERATURE (°C), RAIN  (mm), WIND SPEED (km/hr)

                                      HEAT  COOL        AVG
    MEAN                              DEG   DEG         WIND                 DOM
DAY TEMP  HIGH   TIME   LOW    TIME   DAYS  DAYS  RAIN  SPEED HIGH   TIME    DIR
------------------------------------------------------------------------------------
 1  18.2  23.1   17:15  13.8    6:30   1.4   1.2   0.0   2.9  17.7   13:45    NE
 2  17.8  22.6   13:15  14.1   23:15   1.4   0.9  12.8   4.8  30.6   20:45   WSW
 3  15.6  20.6   12:00  13.6    5:15   2.9   0.2  12.8   4.5  29.0   15:00    SW
 4  17.1  23.8   16:30  12.8    5:15   2.5   1.3   9.0   2.9  25.7   19:30   WSW
 5  16.5  21.6   17:15  13.1    6:45   2.4   0.6   0.4   3.9  19.3   14:45    SW
 6  16.8  21.7   15:15  12.2    6:15   2.2   0.7   0.0   2.1  14.5   13:15   ENE
 7  17.8  22.9   13:45  14.0    6:45   1.5   1.0   0.0   2.4  17.7   19:15    SW
 8  19.4  25.7   16:30  14.3    4:00   1.2   2.3   0.2   2.1  24.1   23:15    SW
 9  19.0  22.6   14:45  16.0    7:45   0.5   1.2   0.2   9.2  40.2    2:45   WSW
10  19.8  25.7   17:30  16.4    5:45   0.6   2.1  16.6   6.0  37.0   23:00   ENE
11  14.3  16.9    0:15  12.8   23:45   4.0   0.0  41.6   4.5  25.7    0:30    SW
12  15.3  20.2   15:45  11.1    4:15   3.2   0.2   0.0   3.7  19.3   13:30   WSW
13  13.2  15.8   17:15   9.6   22:45   5.1   0.0   6.0  13.4  77.2   19:15   WSW
14  13.2  18.8   14:45   9.7    0:45   5.1   0.0   0.0   6.4  24.1   16:00   WSW
15  10.7  15.5   15:00   9.0   23:00   7.6   0.0  20.2   9.5  35.4    7:45   WSW
16  10.6  14.6   17:00   8.9    3:45   7.8   0.0  11.6   8.9  27.4    3:00   WSW
17  13.2  19.4   15:30   8.2    7:00   5.1   0.0   0.2   4.2  29.0   17:15    SW
18  14.9  20.6   14:15  10.8    7:00   3.6   0.2   0.0   6.9  37.0   10:45   WSW
19  13.8  18.1   16:00  10.9    5:15   4.5   0.0   2.2   2.6  16.1    5:15    SW
20  13.6  17.4   14:30  10.9    7:30   4.7   0.0   0.2   2.4  17.7   22:30   NNE
21  13.1  18.2   16:45   9.3    5:30   5.2   0.0   1.8   3.4  20.9   23:30   ENE
22  14.4  20.6   16:30   9.2    6:15   4.1   0.2   0.0   3.2  22.5   15:45   WNW
23  12.2  15.7   15:45  10.2   23:45   6.2   0.0   0.2   3.5  19.3   19:30    SW
24  11.7  17.1   14:45   7.5    7:15   6.6   0.0   5.2   4.0  27.4    4:30    SW
25  12.2  16.2   14:15   8.8    3:15   6.1   0.0   0.8   2.6  25.7   23:00    NE
26  13.1  14.9   00:00  10.9    4:45   5.2   0.0   9.2  12.7  37.0   20:15   WSW
27  15.2  19.3   16:00  12.2    5:30   3.2   0.0   0.8   7.2  32.2    1:30   WSW
28  17.1  22.6   17:45  12.4    7:45   2.2   0.9   0.0   1.4  14.5   14:00   ENE
29  16.7  21.5   14:15  14.2   22:45   1.9   0.2   4.6   2.3  20.9   17:30   ENE
30  16.0  20.2   15:45  12.8    7:15   2.4   0.1   1.4   3.9  20.9   00:00    SW
31  12.9  16.4   12:45  10.0   19:15   5.4   0.0  10.6   5.1  27.4   13:45    SW
-------------------------------------------------------------------------------------
    15.0  25.7     8     7.5    24   115.5  13.4 168.6   4.9  77.2    13     WSW

Max >=  32.0:  0
Max <=   0.0:  0
Min <=   0.0:  0
Min <= -18.0:  0
Max Rain: 41.61 ON 11.08.14
Days of Rain: 23 (> .2 mm) 13 (> 2 mm) 2 (> 20 mm)
Heat Base:  18.3  Cool Base:  18.3  Method: Integration


Dieses Albis-Wetter und die Albis-Webcam sind eine ehrenamtliche Gratis-Dienstleistung von www.barmettler.com. Wir freuen uns auf Ihre Kontaktaufnahme! Vielen Dank!   Impressum/Datenschutz