Wetterstation mit Webcam
auf dem Albis auf 800 m.ü.M.
Prognosen
» MeteoSchweiz
» MyForecast
» Sturmwarnung Europa
» CalSky-Wetterseite
» Pollenprognose
Meteogramm

Quelle: CalSky.com
Wetterstation www.Albispass.ch  »Übersicht  »Werte  »Tagesverlauf  »Woche  »Monat  »Rechner  »Astro-Kalender

Seiten unterstützt von:



Klimatabellen
2002 »August »September »Oktober »November »Dezember
2003 »Januar »Februar »März »April »Mai »Juni »Juli »August »September »Oktober »November »Dezember
2004 »Januar »Februar »März »April »Mai »Juni »Juli »August »September »Oktober »November »Dezember
2005 »Januar »Februar »März »April »Mai »Juni »Juli »August »September »Oktober »November »Dezember
2006 »Januar »Februar »März »April »Mai »Juni »Juli »August »September »Oktober »November »Dezember
2007 »Januar »Februar »März »April »Mai »Juni »Juli »August »September »Oktober »November »Dezember
2008 »Januar »Februar »März »April »Mai »Juni »Juli »August »September »Oktober »November »Dezember
2009 »Januar »Februar »März »April »Mai »Juni »Juli »August »September »Oktober »November »Dezember
2010 »Januar »Februar »März »April »Mai »Juni »Juli »August »September »Oktober »November »Dezember
2011 »Januar »Februar »März »April »Mai »Juni »Juli »August »September »Oktober »November »Dezember
2012 »Januar »Februar »März »April »Mai »Juni »Juli »August »September »Oktober »November »Dezember
2013 »Januar »Februar »März »April »Mai »Juni »Juli »August »September »Oktober »November »Dezember
2014 »Januar »Februar »März »April »Mai »Juni »Juli »August »September »Oktober »November »Dezember
2015 »Januar »Februar »März »April »Mai »Juni »Juli »August »September »Oktober »November »Dezember
2016 »Januar »Februar »März »April »Mai »Juni »Juli »August »September »Oktober »November »Dezember
2017 »Januar »Februar »März »April »Mai »Juni »Juli »August »September »Oktober »November »Dezember
2018 »Januar »Februar »März »April »Mai »Juni »Juli »August »September »Oktober »November »Dezember
2019 »Januar »Februar »März »April »Mai »Juni »Juli »August »September »Oktober »November »Dezember
2020 »Januar »Februar »März »April »Mai »Juni

Datenarchiv


                   MONTHLY CLIMATOLOGICAL SUMMARY for JUL. 2014

NAME: Albis   CITY: Albis   STATE: Switzerland 
ELEV:   785 m  LAT:  47° 16' 38" N  LONG:   8° 31' 05" E

                   TEMPERATURE (°C), RAIN  (mm), WIND SPEED (km/hr)

                                      HEAT  COOL        AVG
    MEAN                              DEG   DEG         WIND                 DOM
DAY TEMP  HIGH   TIME   LOW    TIME   DAYS  DAYS  RAIN  SPEED HIGH   TIME    DIR
------------------------------------------------------------------------------------
 1  15.2  20.8   17:00   9.7    6:00   3.5   0.4   0.0   6.3  24.1   12:45     E
 2  13.3  15.3   20:30  11.6   23:30   5.0   0.0  13.4   3.2  25.7    5:15   ENE
 3  17.4  24.1   17:45  11.1    2:45   2.5   1.6   0.2   3.4  16.1   13:30   ENE
 4  18.9  23.6   16:30  13.6   23:00   0.8   1.4  12.2   8.0  56.3   23:00   ENE
 5  16.3  21.5   17:00  12.8    3:00   2.5   0.5   8.8   6.6  32.2    0:15   WSW
 6  20.5  26.8   17:30  15.0   00:00   0.9   3.1  10.6   5.5  41.8   21:00     E
 7  16.4  21.7   15:30  13.7    8:30   2.4   0.5   4.2   5.5  25.7   14:30     E
 8  11.6  14.7    2:00   9.3   22:45   6.7   0.0  51.4  14.0  46.7   11:15   WSW
 9   9.6  11.4   13:15   8.3   21:30   8.8   0.0  23.2  12.4  35.4   20:15   WSW
10   9.3  11.0   00:00   7.3    4:45   9.0   0.0  16.2  15.8  35.4    0:45   WSW
11  12.8  16.2   17:15  10.9    0:15   5.4   0.0   5.6   9.5  27.4    5:00   WSW
12  14.6  18.7   16:00  12.6    5:00   3.8   0.0  23.4   2.9  17.7   00:00     W
13  14.7  19.6   17:15  12.7    7:45   3.6   0.0   6.6   5.6  20.9   14:45    SW
14  15.7  21.0   16:00  13.1    3:45   2.8   0.2   0.6   6.8  24.1   14:45   WSW
15  17.4  21.9   17:30  13.4    5:00   1.8   0.9   0.0   1.9  17.7   13:45     E
16  19.7  25.2   17:15  13.5    6:30   1.0   2.4   0.0   1.8  16.1   15:45     E
17  21.5  27.3   16:30  15.5    5:30   0.4   3.6   0.0   3.5  20.9   11:30   ENE
18  23.1  28.8   15:45  17.5    6:30   0.0   4.8   0.0   5.5  17.7    2:45   ENE
19  24.2  29.9   16:30  18.2    4:45   0.0   5.8   0.0   5.0  20.9   21:45   ENE
20  20.3  24.9   10:45  12.9   00:00   0.5   2.5   4.2   6.6  43.5   22:15   WSW
21  14.3  17.6   14:00  12.3    5:15   4.0   0.0  23.2   8.9  27.4   22:00   WSW
22  14.9  15.9   18:30  13.5    0:15   3.4   0.0  50.6   7.4  29.0   10:15   WSW
23  18.0  21.7   16:15  15.6    0:15   1.1   0.8   0.0   5.0  35.4   17:30     E
24  18.1  22.8   16:15  14.6    5:30   1.2   1.0   0.0   2.7  17.7   15:30   ENE
25  19.4  25.8   16:30  13.3    5:45   1.5   2.5   0.4   5.3  24.1   21:30    SW
26  14.7  16.5    2:00  13.3   00:00   3.6   0.0  11.0   5.3  19.3    8:30   WSW
27  15.6  19.1   15:00  13.2    0:15   2.8   0.0   1.2   4.5  19.3    5:15    SW
28  17.5  24.2   16:00  13.3   22:30   2.0   1.2  17.8   5.0  40.2   18:45   ENE
29  14.1  17.4   16:45  11.9    6:15   4.2   0.0   3.8   3.7  16.1    0:15     W
30  14.3  15.7   22:15  13.2    8:15   4.0   0.0   9.6   9.7  25.7    8:00   WSW
31  17.7  22.4   17:45  14.3    6:00   1.6   1.0   0.4   4.2  27.4   12:45     E
-------------------------------------------------------------------------------------
    16.5  29.9    19     7.3    10    90.6  34.2 298.6   6.2  56.3     4     WSW

Max >=  32.0:  0
Max <=   0.0:  0
Min <=   0.0:  0
Min <= -18.0:  0
Max Rain: 51.41 ON 08.07.14
Days of Rain: 23 (> .2 mm) 18 (> 2 mm) 5 (> 20 mm)
Heat Base:  18.3  Cool Base:  18.3  Method: Integration


Dieses Albis-Wetter und die Albis-Webcam sind eine ehrenamtliche Gratis-Dienstleistung von www.barmettler.com. Wir freuen uns auf Ihre Kontaktaufnahme! Vielen Dank!   Impressum/Datenschutz