Wetterstation mit Webcam
auf dem Albis auf 800 m.ü.M.
Prognosen
» MeteoSchweiz
» MyForecast
» Sturmwarnung Europa
» CalSky-Wetterseite
» Pollenprognose
Meteogramm

Quelle: CalSky.com
Wetterstation www.Albispass.ch  »Übersicht  »Werte  »Tagesverlauf  »Woche  »Monat  »Rechner  »Astro-Kalender

Seiten unterstützt von:



Klimatabellen
2002 »August »September »Oktober »November »Dezember
2003 »Januar »Februar »März »April »Mai »Juni »Juli »August »September »Oktober »November »Dezember
2004 »Januar »Februar »März »April »Mai »Juni »Juli »August »September »Oktober »November »Dezember
2005 »Januar »Februar »März »April »Mai »Juni »Juli »August »September »Oktober »November »Dezember
2006 »Januar »Februar »März »April »Mai »Juni »Juli »August »September »Oktober »November »Dezember
2007 »Januar »Februar »März »April »Mai »Juni »Juli »August »September »Oktober »November »Dezember
2008 »Januar »Februar »März »April »Mai »Juni »Juli »August »September »Oktober »November »Dezember
2009 »Januar »Februar »März »April »Mai »Juni »Juli »August »September »Oktober »November »Dezember
2010 »Januar »Februar »März »April »Mai »Juni »Juli »August »September »Oktober »November »Dezember
2011 »Januar »Februar »März »April »Mai »Juni »Juli »August »September »Oktober »November »Dezember
2012 »Januar »Februar »März »April »Mai »Juni »Juli »August »September »Oktober »November »Dezember
2013 »Januar »Februar »März »April »Mai »Juni »Juli »August »September »Oktober »November »Dezember
2014 »Januar »Februar »März »April »Mai »Juni »Juli »August »September »Oktober »November »Dezember
2015 »Januar »Februar »März »April »Mai »Juni »Juli »August »September »Oktober »November »Dezember
2016 »Januar »Februar »März »April »Mai »Juni »Juli »August »September »Oktober »November »Dezember
2017 »Januar »Februar »März »April »Mai »Juni »Juli »August »September »Oktober »November »Dezember
2018 »Januar »Februar »März »April »Mai »Juni »Juli »August »September »Oktober »November »Dezember
2019 »Januar »Februar »März »April »Mai »Juni »Juli »August »September »Oktober »November »Dezember
2020 »Januar »Februar »März »April »Mai »Juni

Datenarchiv


                   MONTHLY CLIMATOLOGICAL SUMMARY for SEP. 2012

NAME: Albis   CITY: Albis   STATE: Switzerland 
ELEV:   793 m  LAT:  47° 16' 38" N  LONG:   8° 31' 05" E

                   TEMPERATURE (°C), RAIN  (mm), WIND SPEED (km/hr)

                                      HEAT  COOL        AVG
    MEAN                              DEG   DEG         WIND                 DOM
DAY TEMP  HIGH   TIME   LOW    TIME   DAYS  DAYS  RAIN  SPEED HIGH   TIME    DIR
------------------------------------------------------------------------------------
 1  10.1  10.9   20:45   7.6   10:30   4.8   0.0   4.6   1.3  20.9   16:45     E
 2  12.4  15.6   14:30   9.9    7:45   5.0   0.0   0.0   2.6  20.9   10:45     E
 3  14.1  16.1   15:15  12.4    7:00   4.2   0.0   0.0   2.6  27.4   11:30   ENE
 4  16.6  20.3   14:45  14.7    5:30   1.9   0.2   0.0   3.4  27.4   12:45     E
 5  15.9  18.6   16:45  14.4    8:45   2.4   0.0   0.3   1.4  19.3    0:15     E
 6  14.6  18.4   15:45  13.2    6:30   3.7   0.0   0.0   2.4  25.7    5:30     E
 7  15.1  20.2   16:15  11.2    5:45   3.4   0.2   0.0   0.6  12.9   16:15   ENE
 8  16.8  21.5   16:30  12.4    6:15   1.9   0.6   0.3   1.9  12.9    5:15   ENE
 9  18.2  24.0   16:45  12.9    6:45   1.4   1.4   0.0   1.4  11.3    9:15   WSW
10  19.6  24.2   15:00  14.9    7:45   0.6   1.8   0.0   3.5  17.7    5:15   WSW
11  17.7  22.6   14:00  14.1   00:00   0.8   0.4   2.8   6.8  38.6   13:30   WSW
12   9.6  14.6    1:15   6.5   20:00   8.7   0.0  24.4   8.5  32.2    7:30   WSW
13   8.0  11.9   15:30   5.4    7:15   9.9   0.0   1.3   1.3  17.7    3:00     W
14  11.6  15.1   15:15   7.2    9:00   4.5   0.0   0.0   2.4  17.7   17:00   WSW
15  12.0  16.8   14:45   9.2    0:15   6.3   0.0   0.0   2.1  19.3   14:00   ENE
16  12.8  18.2   16:45   8.0    7:30   5.2   0.0   0.0   1.4  12.9    0:15   ENE
17  15.5  20.4   14:30  11.2    7:00   3.0   0.2   0.0   2.9  17.7   14:30   WSW
18  15.6  20.4   13:15  11.6    7:15   2.9   0.2   2.5   6.0  29.0   22:15   WSW
19   9.3  13.6    0:15   7.3   23:00   8.9   0.0  11.4   4.8  25.7    0:15   WSW
20   9.3  14.1   15:30   5.8    8:00   9.0   0.0   0.0   4.0  20.9   10:15   ENE
21  12.6  18.7   16:15   6.7    4:45   5.7   0.0   1.0   3.4  32.2   21:00   WSW
22  12.6  14.2   11:00   9.5   21:30   5.7   0.0  11.7  10.0  38.6    4:00   WSW
23  13.4  18.6   16:30   9.7    7:30   4.9   0.0   0.0   1.8  12.9   15:00   ENE
24  14.2  17.4    1:00  11.7   23:45   4.1   0.0   1.5  12.7  49.9   16:45   WSW
25  12.9  18.4   12:30   8.5    6:00   5.4   0.0   0.0   3.5  25.7    2:45    NE
26  11.6  17.4   13:00   7.6   23:45   6.7   0.0   1.3   5.5  41.8   16:30     W
27   9.6  15.1   17:45   5.0    7:15   8.7   0.0   3.8  12.4  49.9   19:15   WSW
28  11.6  16.4   14:30   7.3    5:00   6.7   0.0   0.0   2.7  22.5    0:15   ENE
29   9.8  11.6    0:15   8.3   20:15   8.5   0.0   6.3   2.1  17.7   11:15   WSW
30   9.3  10.2   13:00   8.5    9:00   9.0   0.0   0.3   1.3  17.7    5:45     N
-------------------------------------------------------------------------------------
    13.1  24.2    10     5.0    27   153.9   5.1  73.4   3.9  49.9    24     WSW

Max >=  32.0:  0
Max <=   0.0:  0
Min <=   0.0:  0
Min <= -18.0:  0
Max Rain: 24.38 ON 12.09.12
Days of Rain: 15 (> .2 mm) 8 (> 2 mm) 1 (> 20 mm)
Heat Base:  18.3  Cool Base:  18.3  Method: Integration


Dieses Albis-Wetter und die Albis-Webcam sind eine ehrenamtliche Gratis-Dienstleistung von www.barmettler.com. Wir freuen uns auf Ihre Kontaktaufnahme! Vielen Dank!   Impressum/Datenschutz