Wetterstation mit Webcam
auf dem Albis auf 800 m.ü.M.
Prognosen
» MeteoSchweiz
» MyForecast
» Sturmwarnung Europa
» CalSky-Wetterseite
Meteogramm

Quelle: CalSky.com
Wetterstation www.Albispass.ch  »Übersicht  »Werte  »Tagesverlauf  »Woche  »Monat  »Rechner  »Astro-Kalender

Seiten unterstützt von:



Klimatabellen
2002 »August »September »Oktober »November »Dezember
2003 »Januar »Februar »März »April »Mai »Juni »Juli »August »September »Oktober »November »Dezember
2004 »Januar »Februar »März »April »Mai »Juni »Juli »August »September »Oktober »November »Dezember
2005 »Januar »Februar »März »April »Mai »Juni »Juli »August »September »Oktober »November »Dezember
2006 »Januar »Februar »März »April »Mai »Juni »Juli »August »September »Oktober »November »Dezember
2007 »Januar »Februar »März »April »Mai »Juni »Juli »August »September »Oktober »November »Dezember
2008 »Januar »Februar »März »April »Mai »Juni »Juli »August »September »Oktober »November »Dezember
2009 »Januar »Februar »März »April »Mai »Juni »Juli »August »September »Oktober »November »Dezember
2010 »Januar »Februar »März »April »Mai »Juni »Juli »August »September »Oktober »November »Dezember
2011 »Januar »Februar »März »April »Mai »Juni »Juli »August »September »Oktober »November »Dezember
2012 »Januar »Februar »März »April »Mai »Juni »Juli »August »September »Oktober »November »Dezember
2013 »Januar »Februar »März »April »Mai »Juni »Juli »August »September »Oktober »November »Dezember
2014 »Januar »Februar »März »April »Mai »Juni »Juli »August »September »Oktober »November »Dezember
2015 »Januar »Februar »März »April »Mai »Juni »Juli »August »September »Oktober »November »Dezember
2016 »Januar »Februar »März »April »Mai »Juni »Juli »August »September »Oktober »November »Dezember
2017 »Januar »Februar »März »April »Mai »Juni »Juli »August »September »Oktober »November »Dezember
2018 »Januar »Februar »März »April »Mai »Juni »Juli »August »September »Oktober »November »Dezember
2019 »Januar »Februar »März »April »Mai »Juni »Juli »August »September »Oktober »November »Dezember
2020 »Januar »Februar »März »April »Mai »Juni »Juli »August »September »Oktober

Datenarchiv


                   MONTHLY CLIMATOLOGICAL SUMMARY for JUL. 2012

NAME: Albis   CITY: Albis   STATE: Switzerland 
ELEV:   793 m  LAT:  47° 16' 38" N  LONG:   8° 31' 05" E

                   TEMPERATURE (°C), RAIN  (mm), WIND SPEED (km/hr)

                                      HEAT  COOL        AVG
    MEAN                              DEG   DEG         WIND                 DOM
DAY TEMP  HIGH   TIME   LOW    TIME   DAYS  DAYS  RAIN  SPEED HIGH   TIME    DIR
------------------------------------------------------------------------------------
 1  15.8  20.4    0:15  13.6   17:00   2.6   0.1  11.7   4.7  56.3    8:00     E
 2  14.6  16.9   16:45  12.9    7:30   3.3   0.0  15.2   3.9  27.4    6:15   ENE
 3  15.1  17.8   17:00  13.2    6:00   3.0   0.0  14.2   1.6  16.1    9:30     W
 4  17.2  21.6   15:45  14.3    6:45   1.6   0.5   0.3   1.9  33.8   21:00   ENE
 5  17.9  23.6   15:45  13.8    5:15   1.4   1.0   4.6   2.4  30.6   17:30   WSW
 6  15.0  17.0   16:00  13.4    4:45   3.3   0.0   7.9   2.9  25.7    1:30   WSW
 7  17.6  22.6   16:30  13.2    4:15   1.8   1.1   0.5   2.1  16.1   23:00   ENE
 8  17.6  21.1   15:45  13.4    9:15   1.2   0.4   2.8   5.8  41.8    8:00     W
 9  17.8  22.3   17:45  13.9    6:15   1.3   0.8   0.0   2.6  29.0   21:30    NW
10  17.2  22.2   13:30  13.9    6:30   1.6   0.5   2.3   1.6  38.6   16:30   ENE
11  14.8  17.9   15:00  12.4    7:30   3.5   0.0   4.1   3.2  25.7   16:45   WSW
12  13.3  16.6   13:15  11.9    6:00   5.0   0.0   0.0   5.8  32.2   11:00   WSW
13  14.4  19.3   14:15  11.2    4:15   3.9   0.0   5.8   6.0  32.2   14:15   WSW
14  15.7  19.6   15:15  13.4    0:45   2.7   0.1   0.5  13.5  56.3    7:30   WSW
15  12.1  15.9   16:15   9.0   18:15   6.2   0.0   6.3   9.7  51.5   18:00   WSW
16  12.8  17.7   15:45   8.4    5:30   5.5   0.0   0.3   7.2  29.0    1:00   WSW
17  15.9  21.2   14:45  11.7    1:15   2.8   0.5   0.0  12.2  45.1   11:30   WSW
18  18.8  24.8   15:45  13.1    4:30   1.6   2.1   0.0   7.4  40.2   16:45   WSW
19  18.2  22.2   12:45  15.1   23:30   0.8   0.7   0.0   4.7  29.0   11:00    SW
20  14.2  17.2   11:45  10.3   00:00   4.2   0.0   6.9   1.9  22.5   20:00    NW
21  11.6  15.2   15:45   9.3   23:45   6.7   0.0  13.7   1.9  25.7   16:30   ENE
22  12.2  17.3   16:00   8.7    1:45   6.1   0.0   0.0   3.2  32.2   16:30   ENE
23  14.0  19.3   17:00   7.6    5:45   4.4   0.1   0.0   7.6  38.6   15:30     E
24  18.0  23.9   16:45  11.8    5:30   2.0   1.7   0.0   1.6  16.1    2:45   WSW
25  20.4  25.6   15:15  15.6    6:30   0.4   2.4   0.0   2.9  20.9   15:30   WNW
26  22.4  27.4   16:15  16.7    6:15   0.1   4.2   0.0   0.3   9.7    4:15   ENE
27  23.7  29.0   16:30  18.2    6:30   0.0   5.4   0.3   1.1  32.2   20:30    SW
28  19.2  23.2   14:45  15.2   22:45   0.5   1.4   0.8   6.1  38.6   15:15   WSW
29  15.1  16.5   17:30  13.8   22:45   3.2   0.0   6.1   4.7  29.0    8:00   WSW
30  16.2  21.2   17:15  12.4    3:00   2.5   0.4   0.3   3.4  25.7   17:45   WSW
31  18.3  23.0   16:00  13.4    4:00   1.3   1.3   0.0   1.6  20.9   13:15   WSW
-------------------------------------------------------------------------------------
    16.4  29.0    27     7.6    23    84.5  24.9 104.4   4.4  56.3     1     WSW

Max >=  32.0:  0
Max <=   0.0:  0
Min <=   0.0:  0
Min <= -18.0:  0
Max Rain: 15.24 ON 02.07.12
Days of Rain: 20 (> .2 mm) 13 (> 2 mm) 0 (> 20 mm)
Heat Base:  18.3  Cool Base:  18.3  Method: Integration


Dieses Albis-Wetter und die Albis-Webcam sind eine ehrenamtliche Gratis-Dienstleistung von www.barmettler.com. Wir freuen uns auf Ihre Kontaktaufnahme! Vielen Dank!   Impressum/Datenschutz