Wetterstation mit Webcam
auf dem Albis auf 800 m.ü.M.
Prognosen
» MeteoSchweiz
» MyForecast
» Sturmwarnung Europa
» CalSky-Wetterseite
Meteogramm

Quelle: CalSky.com
Wetterstation www.Albispass.ch  »Übersicht  »Werte  »Tagesverlauf  »Woche  »Monat  »Rechner  »Astro-Kalender

Seiten unterstützt von:



Klimatabellen
2002 »August »September »Oktober »November »Dezember
2003 »Januar »Februar »März »April »Mai »Juni »Juli »August »September »Oktober »November »Dezember
2004 »Januar »Februar »März »April »Mai »Juni »Juli »August »September »Oktober »November »Dezember
2005 »Januar »Februar »März »April »Mai »Juni »Juli »August »September »Oktober »November »Dezember
2006 »Januar »Februar »März »April »Mai »Juni »Juli »August »September »Oktober »November »Dezember
2007 »Januar »Februar »März »April »Mai »Juni »Juli »August »September »Oktober »November »Dezember
2008 »Januar »Februar »März »April »Mai »Juni »Juli »August »September »Oktober »November »Dezember
2009 »Januar »Februar »März »April »Mai »Juni »Juli »August »September »Oktober »November »Dezember
2010 »Januar »Februar »März »April »Mai »Juni »Juli »August »September »Oktober »November »Dezember
2011 »Januar »Februar »März »April »Mai »Juni »Juli »August »September »Oktober »November »Dezember
2012 »Januar »Februar »März »April »Mai »Juni »Juli »August »September »Oktober »November »Dezember
2013 »Januar »Februar »März »April »Mai »Juni »Juli »August »September »Oktober »November »Dezember
2014 »Januar »Februar »März »April »Mai »Juni »Juli »August »September »Oktober »November »Dezember
2015 »Januar »Februar »März »April »Mai »Juni »Juli »August »September »Oktober »November »Dezember
2016 »Januar »Februar »März »April »Mai »Juni »Juli »August »September »Oktober »November »Dezember
2017 »Januar »Februar »März »April »Mai »Juni »Juli »August »September »Oktober »November »Dezember
2018 »Januar »Februar »März »April »Mai »Juni »Juli »August »September »Oktober »November »Dezember
2019 »Januar »Februar »März »April »Mai »Juni »Juli »August »September »Oktober »November »Dezember
2020 »Januar »Februar »März »April »Mai »Juni »Juli »August »September

Datenarchiv


                   MONTHLY CLIMATOLOGICAL SUMMARY for SEP. 2011

NAME: Albis   CITY: Albis   STATE: Switzerland 
ELEV:   793 m  LAT:  47° 16' 38" N  LONG:   8° 31' 05" E

                   TEMPERATURE (°C), RAIN  (mm), WIND SPEED (km/hr)

                                      HEAT  COOL        AVG
    MEAN                              DEG   DEG         WIND                 DOM
DAY TEMP  HIGH   TIME   LOW    TIME   DAYS  DAYS  RAIN  SPEED HIGH   TIME    DIR
------------------------------------------------------------------------------------
 1  17.2  21.4   16:45  13.6    8:45   1.6   0.5   2.5   3.7  27.4    5:15     E
 2  19.4  24.6   16:00  15.6    4:00   0.7   1.8   0.3   2.6  20.9    3:00   ENE
 3  20.6  25.8   16:00  16.6    7:30   0.2   2.5   6.9   3.5  30.6   21:45   ENE
 4  17.0  20.2   11:30  15.4   20:45   1.4   0.2  14.7   2.3  32.2   19:00   WSW
 5  13.8  15.6    0:15  11.7   12:15   4.3   0.0  23.4   8.4  38.6    3:45   WSW
 6  14.1  18.8   15:00  10.2    7:45   4.2   0.0   0.0   4.8  30.6   23:30   WSW
 7  15.4  17.9   12:45  13.1    2:45   2.9   0.0   0.0  20.9  59.5   14:15   WSW
 8  15.1  18.9   15:45  11.9    4:45   3.2   0.0   0.5  14.2  46.7   16:30   WSW
 9  17.8  22.7   16:00  13.3    4:30   1.6   1.1   0.5   6.0  33.8    0:15   WSW
10  20.2  25.8   16:00  14.4    7:15   0.7   2.6   0.3   1.0  16.1   12:45   WSW
11  19.4  24.9   15:30  15.2   23:45   0.6   1.7   2.5   5.1  38.6   17:15   WSW
12  16.1  20.9   16:30  12.9    6:45   2.6   0.4   2.5   8.7  30.6    0:15   WSW
13  17.1  22.2   16:45  12.7    7:30   2.0   0.8   0.0   7.9  38.6   14:00   WSW
14  14.1  16.3    0:45  11.9   22:00   4.3   0.0   8.6   2.3  32.2    6:45    SW
15  13.6  18.3   16:15   9.9    7:30   4.7   0.0   0.0   1.3  16.1   15:00   ENE
16  16.4  22.4   16:00  11.2    7:00   2.6   0.7   9.4   1.3  30.6   22:30   WSW
17  16.6  20.1   14:15  14.2    0:15   1.9   0.1   1.5   3.1  27.4    4:45    SW
18   9.7  15.2    0:30   6.7   23:30   8.7   0.0  11.7   8.5  49.9    9:15   WSW
19   7.7   8.8   14:00   6.2    7:00  10.6   0.0   2.0   4.0  25.7   11:30   WSW
20  10.4  14.9   14:45   7.3    4:30   7.9   0.0   0.3   2.7  20.9   14:15     E
21  12.0  17.4   16:30   7.6    3:45   5.6   0.0   0.0   1.3  16.1   13:30   WSW
22  13.7  18.0   15:15  10.2    7:30   4.7   0.0   0.0   0.5  11.3   12:00   ENE
23  13.2  18.0   15:45   9.7    7:00   4.8   0.0   0.0   0.6  16.1   14:00   ENE
24  14.8  20.4   15:45  10.0    7:15   3.7   0.2   0.0   0.6  12.9   15:15     W
25  16.1  20.4   15:15  12.6    7:15   2.5   0.2   0.0   1.3  12.9    9:30   WSW
26  16.3  20.7   16:00  12.6    7:15   2.3   0.3   0.3   0.5  11.3   13:30     N
27  16.4  20.7   15:00  13.4    4:00   2.2   0.3   0.0   1.4  20.9   13:30     E
28  15.4  20.0   16:15  12.1    7:45   3.0   0.2   0.0   2.3  19.3   14:00     E
29  13.6  16.7   15:30  11.2    7:45   4.7   0.0   0.0   1.6  16.1   14:00    NE
30  14.4  17.8   15:15  12.6    6:30   3.9   0.0   0.3   1.3  16.1    6:15   ENE
-------------------------------------------------------------------------------------
    15.2  25.8    10     6.2    19   104.1  13.7  88.1   4.1  59.5     7     WSW

Max >=  32.0:  0
Max <=   0.0:  0
Min <=   0.0:  0
Min <= -18.0:  0
Max Rain: 23.37 ON 05.09.11
Days of Rain: 18 (> .2 mm) 10 (> 2 mm) 1 (> 20 mm)
Heat Base:  18.3  Cool Base:  18.3  Method: Integration


Dieses Albis-Wetter und die Albis-Webcam sind eine ehrenamtliche Gratis-Dienstleistung von www.barmettler.com. Wir freuen uns auf Ihre Kontaktaufnahme! Vielen Dank!   Impressum/Datenschutz