Wetterstation mit Webcam
auf dem Albis auf 800 m.ü.M.
Prognosen
» MeteoSchweiz
» MyForecast
» Sturmwarnung Europa
» CalSky-Wetterseite
» Pollenprognose
Meteogramm

Quelle: CalSky.com
Wetterstation www.Albispass.ch  »Übersicht  »Werte  »Tagesverlauf  »Woche  »Monat  »Rechner  »Astro-Kalender

Seiten unterstützt von:



Klimatabellen
2002 »August »September »Oktober »November »Dezember
2003 »Januar »Februar »März »April »Mai »Juni »Juli »August »September »Oktober »November »Dezember
2004 »Januar »Februar »März »April »Mai »Juni »Juli »August »September »Oktober »November »Dezember
2005 »Januar »Februar »März »April »Mai »Juni »Juli »August »September »Oktober »November »Dezember
2006 »Januar »Februar »März »April »Mai »Juni »Juli »August »September »Oktober »November »Dezember
2007 »Januar »Februar »März »April »Mai »Juni »Juli »August »September »Oktober »November »Dezember
2008 »Januar »Februar »März »April »Mai »Juni »Juli »August »September »Oktober »November »Dezember
2009 »Januar »Februar »März »April »Mai »Juni »Juli »August »September »Oktober »November »Dezember
2010 »Januar »Februar »März »April »Mai »Juni »Juli »August »September »Oktober »November »Dezember
2011 »Januar »Februar »März »April »Mai »Juni »Juli »August »September »Oktober »November »Dezember
2012 »Januar »Februar »März »April »Mai »Juni »Juli »August »September »Oktober »November »Dezember
2013 »Januar »Februar »März »April »Mai »Juni »Juli »August »September »Oktober »November »Dezember
2014 »Januar »Februar »März »April »Mai »Juni »Juli »August »September »Oktober »November »Dezember
2015 »Januar »Februar »März »April »Mai »Juni »Juli »August »September »Oktober »November »Dezember
2016 »Januar »Februar »März »April »Mai »Juni »Juli »August »September »Oktober »November »Dezember
2017 »Januar »Februar »März »April »Mai »Juni »Juli »August »September »Oktober »November »Dezember
2018 »Januar »Februar »März »April »Mai »Juni »Juli »August »September »Oktober »November »Dezember
2019 »Januar »Februar »März »April »Mai »Juni »Juli »August »September »Oktober »November »Dezember
2020 »Januar »Februar »März »April »Mai »Juni

Datenarchiv


                            ANNUAL CLIMATOLOGICAL SUMMARY

NAME: Albis  CITY: Albis   STATE: Switzerland  
ELEV:   793 m  LAT:  47° 16' 38" N  LONG:   8° 31' 05" E

               TEMPERATURE (°C), HEAT BASE 18.3, COOL BASE 18.3
                          DEP.  HEAT  COOL                                          
        MEAN  MEAN        FROM  DEG   DEG                        MAX  MAX  MIN  MIN 
 YR MO  MAX   MIN   MEAN  NORM  DAYS  DAYS  HI  DATE  LOW  DATE  >=32 <=0  <=0  <=-18 
------------------------------------------------------------------------------------
 10  1  -1.7  -5.5  -3.6   0.0   678     0   4.2   1 -10.1    3    0   24   31    0
 10  2   1.7  -3.3  -0.8   0.0   535     0  10.6  28 -10.7   11    0   10   21    0
 10  3   6.6  -0.1   3.0   0.0   468     0  19.3  25 -10.1    8    0    7   15    0
 10  4  13.2   4.3   8.5   0.0   291     2  22.7  29  -2.0    2    0    0    5    0
 10  5  13.4   7.0   9.7   0.0   270     4  24.6  25   3.1    7    0    0    0    0
 10  6  19.6  11.7  15.4   0.0   121    31  26.6  10   5.8   20    0    0    0    0
 10  7  23.6  14.5  18.7   0.0    54    66  30.5  10   9.7   30    0    0    0    0
 10  8  19.5  12.6  15.6   0.0   103    21  26.9  26   6.7   30    0    0    0    0
 10  9  16.3   8.6  12.1   0.0   189     2  22.3  23   4.7   26    0    0    0    0
 10 10  10.9   5.5   7.8   0.0   315     1  22.1   4  -0.4   22    0    0    3    0
 10 11   6.0   1.7   3.7   0.0   425     0  15.4   4  -6.8   30    0    5    9    0
 10 12   0.7  -4.1  -1.9   0.0   625     0  12.4   7 -10.4   26    0   14   24    0
------------------------------------------------------------------------------------
        10.9   4.5   7.4   0.0  4071   127  30.5 JUL -10.7  FEB    0   60  108    0

                                PRECIPITATION (mm)

               DEP.   MAX        DAYS OF RAIN 
               FROM   OBS.          OVER
 YR MO  TOTAL  NORM   DAY  DATE  .2   2   20
---------------------------------------------
 10  1  29.0    0.0   5.1    1   19    6    0
 10  2  24.6    0.0   8.9    5   12    3    0
 10  3  32.0    0.0   6.9   28   12    5    0
 10  4  24.1    0.0   7.1    4    7    4    0
 10  5 177.3    0.0  29.7   30   26   20    2
 10  6 117.6    0.0  38.9   19   14   10    2
 10  7 148.1    0.0  20.8   22   22   17    2
 10  8 195.8    0.0  47.8    5   19   13    4
 10  9  99.6    0.0  56.6   25   11    5    1
 10 10  41.4    0.0  17.0   24    9    4    0
 10 11  42.9    0.0  17.5   16   13    4    0
 10 12  65.3    0.0  20.8    6   18    9    1
---------------------------------------------
       997.7   0.0  56.6  SEP  182  100   12

                                WIND SPEED (km/hr)
                          DOM
 YR MO   AVG.  HI   DATE  DIR
---------------------------------
 10  1   4.4  53.1   17   WSW
 10  2   7.0  95.0   26   WSW
 10  3   6.7  69.2   30   WSW
 10  4   4.1  45.1    4     E
 10  5   4.8  57.9   11   WSW
 10  6   3.5  56.3   10     E
 10  7   3.4  70.8   10   WSW
 10  8   5.6  53.1   30   WSW
 10  9   3.0  45.1   24   WSW
 10 10   3.9  48.3   19   WSW
 10 11   7.3  66.0   12   WSW
 10 12   5.8  72.4    8   WSW
---------------------------------
         4.9  95.0  FEB  WSW


Dieses Albis-Wetter und die Albis-Webcam sind eine ehrenamtliche Gratis-Dienstleistung von www.barmettler.com. Wir freuen uns auf Ihre Kontaktaufnahme! Vielen Dank!   Impressum/Datenschutz