Wetterstation mit Webcam
auf dem Albis auf 800 m.ü.M.
Prognosen
» MeteoSchweiz
» MyForecast
» Sturmwarnung Europa
» CalSky-Wetterseite
Meteogramm

Quelle: CalSky.com
Wetterstation www.Albispass.ch  »Übersicht  »Werte  »Tagesverlauf  »Woche  »Monat  »Rechner  »Astro-Kalender

Seiten unterstützt von:



Klimatabellen
2002 »August »September »Oktober »November »Dezember
2003 »Januar »Februar »März »April »Mai »Juni »Juli »August »September »Oktober »November »Dezember
2004 »Januar »Februar »März »April »Mai »Juni »Juli »August »September »Oktober »November »Dezember
2005 »Januar »Februar »März »April »Mai »Juni »Juli »August »September »Oktober »November »Dezember
2006 »Januar »Februar »März »April »Mai »Juni »Juli »August »September »Oktober »November »Dezember
2007 »Januar »Februar »März »April »Mai »Juni »Juli »August »September »Oktober »November »Dezember
2008 »Januar »Februar »März »April »Mai »Juni »Juli »August »September »Oktober »November »Dezember
2009 »Januar »Februar »März »April »Mai »Juni »Juli »August »September »Oktober »November »Dezember
2010 »Januar »Februar »März »April »Mai »Juni »Juli »August »September »Oktober »November »Dezember
2011 »Januar »Februar »März »April »Mai »Juni »Juli »August »September »Oktober »November »Dezember
2012 »Januar »Februar »März »April »Mai »Juni »Juli »August »September »Oktober »November »Dezember
2013 »Januar »Februar »März »April »Mai »Juni »Juli »August »September »Oktober »November »Dezember
2014 »Januar »Februar »März »April »Mai »Juni »Juli »August »September »Oktober »November »Dezember
2015 »Januar »Februar »März »April »Mai »Juni »Juli »August »September »Oktober »November »Dezember
2016 »Januar »Februar »März »April »Mai »Juni »Juli »August »September »Oktober »November »Dezember
2017 »Januar »Februar »März »April »Mai »Juni »Juli »August »September »Oktober »November »Dezember
2018 »Januar »Februar »März »April »Mai »Juni »Juli »August »September »Oktober »November »Dezember
2019 »Januar »Februar »März »April »Mai »Juni »Juli »August »September »Oktober »November »Dezember
2020 »Januar »Februar »März »April »Mai »Juni »Juli »August »September »Oktober

Datenarchiv


                   MONTHLY CLIMATOLOGICAL SUMMARY for MAY. 2009

NAME: Albis   CITY: Albis   STATE: Switzerland 
ELEV:   793 m  LAT:  47° 16' 38" N  LONG:   8° 31' 05" E

                   TEMPERATURE (°C), RAIN  (mm), WIND SPEED (km/hr)

                                      HEAT  COOL        AVG
    MEAN                              DEG   DEG         WIND                 DOM
DAY TEMP  HIGH   TIME   LOW    TIME   DAYS  DAYS  RAIN  SPEED HIGH   TIME    DIR
------------------------------------------------------------------------------------
 1   9.6  15.4   17:15   4.3    5:30   8.7   0.0   0.0   1.1  20.9   14:45   NNE
 2  10.3  14.7   15:30   8.1    6:30   8.0   0.0   2.8   3.9  30.6   21:15   WSW
 3  11.6  17.8   16:45   6.3    6:30   6.7   0.0   1.0   3.7  33.8   21:30   ENE
 4   6.7   8.6    1:45   3.9   23:15  11.6   0.0  10.9   2.3  25.7   13:30    SW
 5   6.7  10.7   16:15   2.5    5:30  11.7   0.0   0.0   4.8  33.8   16:30   WSW
 6  10.9  16.7   16:45   6.3    4:45   7.4   0.0   0.0  10.9  43.5   13:45   WSW
 7  14.6  20.7   18:00   8.2    6:30   4.1   0.4   0.0   1.9  30.6   12:15   WSW
 8  15.6  21.9   15:15  11.9   23:00   3.1   0.4   2.0   4.8  30.6   15:45   WSW
 9  14.4  20.2   14:15  10.4    6:15   4.2   0.3   1.5   5.3  64.4   18:15   ENE
10  15.7  19.2   13:30  12.1    1:30   2.6   0.0   0.0   1.4  19.3   13:45   ENE
11  14.7  18.0   12:45  11.4    6:15   3.6   0.0   0.3   2.3  22.5    9:00   ENE
12  15.1  20.2   13:15  13.1    5:30   3.3   0.0   4.3   4.5  40.2   15:30   ENE
13  15.6  21.0   14:30  11.7    2:30   3.0   0.3   5.6   1.4  22.5   19:45   ENE
14  14.9  19.3   13:15  12.6   23:30   3.4   0.0   1.0   1.6  20.9   17:30     W
15  11.4  14.9   11:45   8.9   00:00   6.9   0.0   1.0   6.9  35.4   16:15   WSW
16  11.2  16.5   18:15   6.4    7:00   7.1   0.0   2.0   2.1  25.7    0:15   ENE
17  15.9  24.1   14:15  10.9    5:30   3.3   0.9   4.6   7.2  45.1   20:15   ENE
18  10.9  14.1   15:00   8.7    5:45   7.4   0.0   3.0   3.4  38.6    1:00     W
19  14.3  20.1   16:30   8.2    6:00   4.2   0.3   0.0   1.6  19.3   14:45   WNW
20  18.8  24.7   16:15  12.4    6:30   1.5   2.0   0.0   1.0  22.5   17:45     E
21  19.2  24.4   15:00  14.9   23:45   0.7   1.6   1.3   3.2  35.4    7:45     W
22  15.9  19.3   17:00  12.6    5:15   2.4   0.1   1.5   3.1  27.4   11:00   ENE
23  18.2  24.4   17:30  11.9    6:15   1.9   1.7   0.0   2.4  19.3    9:45   ENE
24  22.7  28.5   15:45  18.2    4:30   0.0   4.4   0.0   4.0  22.5   13:45   WSW
25  23.9  29.2   16:30  19.1    5:30   0.0   5.6   0.0   1.9  20.9   21:30   ENE
26  17.0  22.6   12:45  10.1   23:45   2.5   1.2  24.4   7.1  74.0   15:15     W
27  10.4  14.6   16:30   7.6    7:00   7.9   0.0   8.1   3.4  32.2    1:00     W
28  12.3  17.3   15:30   8.6    5:45   6.0   0.0   0.0   2.1  19.3   12:00     W
29  12.7  16.2   14:15   9.3   00:00   5.6   0.0   0.3   5.5  33.8   13:45     E
30  12.3  17.4   15:30   7.3    6:15   6.0   0.0   0.0   9.8  43.5   11:45     E
31  11.8  16.7   16:30   7.6    6:00   6.4   0.0   0.0   5.5  32.2   13:30     E
-------------------------------------------------------------------------------------
    14.0  29.2    25     2.5     5   151.4  19.4  75.7   3.9  74.0    26     WSW

Max >=  32.0:  0
Max <=   0.0:  0
Min <=   0.0:  0
Min <= -18.0:  0
Max Rain: 24.38 ON 26.05.09
Days of Rain: 18 (> .2 mm) 10 (> 2 mm) 1 (> 20 mm)
Heat Base:  18.3  Cool Base:  18.3  Method: Integration


Dieses Albis-Wetter und die Albis-Webcam sind eine ehrenamtliche Gratis-Dienstleistung von www.barmettler.com. Wir freuen uns auf Ihre Kontaktaufnahme! Vielen Dank!   Impressum/Datenschutz