Wetterstation mit Webcam
auf dem Albis auf 800 m.ü.M.
Prognosen
» MeteoSchweiz
» MyForecast
» Sturmwarnung Europa
» CalSky-Wetterseite
» Lawinenbulletin SLF
» Pollenprognose
Meteogramm

Quelle: CalSky.com
Wetterstation www.Albispass.ch  »Übersicht  »Werte  »Tagesverlauf  »Woche  »Monat  »Rechner  »Astro-Kalender

Seiten unterstützt von:



Klimatabellen
2002 »August »September »Oktober »November »Dezember
2003 »Januar »Februar »März »April »Mai »Juni »Juli »August »September »Oktober »November »Dezember
2004 »Januar »Februar »März »April »Mai »Juni »Juli »August »September »Oktober »November »Dezember
2005 »Januar »Februar »März »April »Mai »Juni »Juli »August »September »Oktober »November »Dezember
2006 »Januar »Februar »März »April »Mai »Juni »Juli »August »September »Oktober »November »Dezember
2007 »Januar »Februar »März »April »Mai »Juni »Juli »August »September »Oktober »November »Dezember
2008 »Januar »Februar »März »April »Mai »Juni »Juli »August »September »Oktober »November »Dezember
2009 »Januar »Februar »März »April »Mai »Juni »Juli »August »September »Oktober »November »Dezember
2010 »Januar »Februar »März »April »Mai »Juni »Juli »August »September »Oktober »November »Dezember
2011 »Januar »Februar »März »April »Mai »Juni »Juli »August »September »Oktober »November »Dezember
2012 »Januar »Februar »März »April »Mai »Juni »Juli »August »September »Oktober »November »Dezember
2013 »Januar »Februar »März »April »Mai »Juni »Juli »August »September »Oktober »November »Dezember
2014 »Januar »Februar »März »April »Mai »Juni »Juli »August »September »Oktober »November »Dezember
2015 »Januar »Februar »März »April »Mai »Juni »Juli »August »September »Oktober »November »Dezember
2016 »Januar »Februar »März »April »Mai »Juni »Juli »August »September »Oktober »November »Dezember
2017 »Januar »Februar »März »April »Mai »Juni »Juli »August »September »Oktober »November »Dezember
2018 »Januar »Februar »März »April »Mai »Juni »Juli »August »September »Oktober »November »Dezember
2019 »Januar »Februar »März »April »Mai »Juni »Juli »August »September »Oktober »November »Dezember
2020 »Januar »Februar »März »April »Mai

Datenarchiv


                   MONTHLY CLIMATOLOGICAL SUMMARY for DEC. 2007

NAME: Albis   CITY: Albis   STATE: Switzerland 
ELEV:   793 m  LAT:  47° 16' 38" N  LONG:   8° 31' 05" E

                   TEMPERATURE (°C), RAIN  (mm), WIND SPEED (km/hr)

                                      HEAT  COOL        AVG
    MEAN                              DEG   DEG         WIND                 DOM
DAY TEMP  HIGH   TIME   LOW    TIME   DAYS  DAYS  RAIN  SPEED HIGH   TIME    DIR
------------------------------------------------------------------------------------
 1   4.1   6.0   17:45   1.1    6:15  14.3   0.0   0.5  13.5  40.2   22:00   WSW
 2   5.6   8.8   19:00   4.0    4:45  12.7   0.0   1.0  27.8  86.9   19:15   WSW
 3   2.8   5.9    4:15   0.9   21:45  15.5   0.0   5.3  27.5  78.9    5:15   WSW
 4   1.9   3.2   18:30   0.3    5:00  16.4   0.0   1.8  17.5  46.7    1:15   WSW
 5   4.1   7.8   13:45   1.9    6:30  14.2   0.0   0.8   8.2  49.9   00:00    SW
 6   5.8   7.6   12:45   4.7    4:30  12.5   0.0   8.6  21.2  46.7    0:15   WSW
 7   5.5   9.2   14:15   1.4   23:15  12.8   0.0  11.7  23.3  56.3   15:00   WSW
 8   1.5   3.2   15:45   0.3   23:45  16.8   0.0   1.5  14.6  41.8    5:30   WSW
 9   2.2   4.2   16:15   0.3    0:15  16.1   0.0   3.6  17.9  48.3   16:15   WSW
10   1.7   2.5   14:30   0.6   23:15  16.6   0.0   4.8  21.6  48.3   15:30   WSW
11   0.2   1.1    4:15  -0.5   22:00  18.1   0.0   6.9   7.2  24.1   13:15    SW
12  -0.1   0.3   13:15  -0.6    7:00  18.4   0.0   2.5   0.5  16.1   19:15    NE
13   0.1   0.8   13:30  -0.9   21:00  18.2   0.0   0.0   7.9  41.8    9:15   ENE
14  -2.8  -0.3    0:15  -4.4   23:30  21.1   0.0   0.0   7.1  33.8   23:45   ENE
15  -4.5  -2.7   13:30  -5.6   00:00  22.8   0.0   0.0   9.8  40.2    3:15    NE
16  -4.9  -3.6   13:45  -6.2    7:15  23.2   0.0   0.0  11.3  35.4   11:30   ENE
17  -5.1  -3.8   14:00  -6.4   21:45  23.4   0.0   0.0  12.7  38.6    1:45   ENE
18  -6.2  -5.5   14:30  -6.4   10:45  24.4   0.0   0.0   2.7  25.7   10:45   ENE
19  -6.0  -4.1   14:30  -7.3   22:30  24.3   0.0   0.0   0.6  12.9    4:30    NE
20  -5.9  -4.2   14:00  -7.7    1:30  24.2   0.0   0.0   1.4  12.9   14:45    NE
21  -4.7  -1.8   19:45  -7.4    3:00  23.0   0.0   0.0   0.5  16.1   22:30    NE
22  -2.6   2.8   15:30  -8.6    1:30  20.8   0.0   0.3   1.9  11.3    2:30   WSW
23  -0.4   3.2   13:00  -2.7   00:00  18.7   0.0   0.0   2.4  17.7   23:45    NE
24  -2.8  -0.3   16:30  -6.3    1:00  21.1   0.0   0.0   1.3  12.9    0:15    NE
25  -5.8  -2.4    0:15  -7.8    3:45  24.1   0.0   0.0   3.2  17.7    9:45    NE
26  -1.9   0.6   12:00  -6.4    0:15  20.2   0.0   1.0   3.9  16.1    6:15   WSW
27  -2.3  -0.6    2:30  -4.1   23:00  20.6   0.0   0.0   0.5   8.0    0:15    NE
28  -5.1  -3.4   13:30  -8.0   20:15  23.4   0.0   0.0   0.0   0.0     ---   ---
29  -0.4   3.6   15:45  -4.9    0:30  18.7   0.0   0.0   8.5  33.8   21:00    SW
30   0.4   2.8    0:15  -0.6    5:00  17.9   0.0   2.8   7.1  35.4    0:15    SW
31  -0.8   0.9   13:45  -2.1   23:00  19.1   0.0   0.0   1.4  12.9    3:30    NE
-------------------------------------------------------------------------------------
    -0.9   9.2     7    -8.6    22   593.7   0.0  53.1   9.2  86.9     2     WSW

Max >=  32.0:  0
Max <=   0.0: 12
Min <=   0.0: 21
Min <= -18.0:  0
Max Rain: 11.68 ON 07.12.07
Days of Rain: 15 (> .2 mm) 8 (> 2 mm) 0 (> 20 mm)
Heat Base:  18.3  Cool Base:  18.3  Method: Integration


Dieses Albis-Wetter und die Albis-Webcam sind eine ehrenamtliche Gratis-Dienstleistung von www.barmettler.com. Wir freuen uns auf Ihre Kontaktaufnahme! Vielen Dank!   Impressum/Datenschutz