Wetterstation mit Webcam
auf dem Albis auf 800 m.ü.M.
Prognosen
» MeteoSchweiz
» MyForecast
» Sturmwarnung Europa
» CalSky-Wetterseite
Meteogramm

Quelle: CalSky.com
Wetterstation www.Albispass.ch  »Übersicht  »Werte  »Tagesverlauf  »Woche  »Monat  »Rechner  »Astro-Kalender

Seiten unterstützt von:



Klimatabellen
2002 »August »September »Oktober »November »Dezember
2003 »Januar »Februar »März »April »Mai »Juni »Juli »August »September »Oktober »November »Dezember
2004 »Januar »Februar »März »April »Mai »Juni »Juli »August »September »Oktober »November »Dezember
2005 »Januar »Februar »März »April »Mai »Juni »Juli »August »September »Oktober »November »Dezember
2006 »Januar »Februar »März »April »Mai »Juni »Juli »August »September »Oktober »November »Dezember
2007 »Januar »Februar »März »April »Mai »Juni »Juli »August »September »Oktober »November »Dezember
2008 »Januar »Februar »März »April »Mai »Juni »Juli »August »September »Oktober »November »Dezember
2009 »Januar »Februar »März »April »Mai »Juni »Juli »August »September »Oktober »November »Dezember
2010 »Januar »Februar »März »April »Mai »Juni »Juli »August »September »Oktober »November »Dezember
2011 »Januar »Februar »März »April »Mai »Juni »Juli »August »September »Oktober »November »Dezember
2012 »Januar »Februar »März »April »Mai »Juni »Juli »August »September »Oktober »November »Dezember
2013 »Januar »Februar »März »April »Mai »Juni »Juli »August »September »Oktober »November »Dezember
2014 »Januar »Februar »März »April »Mai »Juni »Juli »August »September »Oktober »November »Dezember
2015 »Januar »Februar »März »April »Mai »Juni »Juli »August »September »Oktober »November »Dezember
2016 »Januar »Februar »März »April »Mai »Juni »Juli »August »September »Oktober »November »Dezember
2017 »Januar »Februar »März »April »Mai »Juni »Juli »August »September »Oktober »November »Dezember
2018 »Januar »Februar »März »April »Mai »Juni »Juli »August »September »Oktober »November »Dezember
2019 »Januar »Februar »März »April »Mai »Juni »Juli »August »September »Oktober »November »Dezember
2020 »Januar »Februar »März »April »Mai »Juni »Juli »August »September

Datenarchiv


                   MONTHLY CLIMATOLOGICAL SUMMARY for AUG. 2007

NAME: Albis   CITY: Albis   STATE: Switzerland 
ELEV:   793 m  LAT:  47° 16' 38" N  LONG:   8° 31' 05" E

                   TEMPERATURE (°C), RAIN  (mm), WIND SPEED (km/hr)

                                      HEAT  COOL        AVG
    MEAN                              DEG   DEG         WIND                 DOM
DAY TEMP  HIGH   TIME   LOW    TIME   DAYS  DAYS  RAIN  SPEED HIGH   TIME    DIR
------------------------------------------------------------------------------------
 1  15.3  21.7   16:30   8.0    6:30   3.7   0.7   0.0   3.7  19.3    4:15   ENE
 2  15.6  18.6    2:15  12.9   23:30   2.7   0.0   9.1  10.6  41.8    4:45   WSW
 3  14.0  17.9   17:30  11.2   10:00   4.3   0.0   5.8   4.7  30.6    5:45   WSW
 4  16.4  21.8   16:15  11.3    5:45   2.6   0.7   0.0   3.9  22.5   14:30   ENE
 5  19.1  24.7   16:45  13.7    6:15   1.3   2.1   0.0   4.3  17.7    0:30   ENE
 6  20.9  26.6   15:00  15.6    6:00   0.4   3.0   0.0   4.2  40.2   20:45     W
 7  16.4  18.8    0:15  14.6   00:00   1.9   0.0  16.5   2.7  19.3   14:00     W
 8  12.2  14.7    0:45   8.6   23:30   6.1   0.0  61.2   8.0  41.8   20:30   WSW
 9   8.9  10.0   18:15   7.8    4:15   9.4   0.0  21.6  18.5  45.1   17:45   WSW
10  11.2  14.4   16:45   8.3    4:15   7.1   0.0   0.0   8.0  29.0    0:30   WSW
11  13.9  17.6   17:45  11.5    8:00   4.4   0.0   3.6   4.5  20.9    7:45   WSW
12  16.3  21.9   17:15  12.8    5:00   2.5   0.5   0.3   1.6  17.7   18:15   ENE
13  17.6  21.8   14:15  12.9    1:45   1.6   0.8   5.6   2.4  40.2    1:15    SW
14  18.6  23.3   14:45  14.3    5:00   1.2   1.5   0.0   2.3  19.3   14:30     W
15  22.2  28.4   16:15  17.1    1:30   0.1   4.0   0.0   3.7  29.0    4:45   WSW
16  15.6  22.1    1:15  11.7   00:00   3.1   0.5   4.3   8.0  38.6    4:45   WSW
17  13.6  18.1   14:00  10.9    7:30   4.7   0.0   0.5   3.2  22.5   15:00    NW
18  14.7  19.0   16:30  11.0    6:45   3.6   0.0   0.0   1.4  17.7   13:45     N
19  15.7  19.8   17:00  11.9    7:00   2.7   0.1   0.8   2.6  22.5   11:45   WSW
20  11.6  14.4    0:15   9.9   23:15   6.7   0.0   2.5   4.5  29.0    9:00   WSW
21  11.5  14.8   16:15   9.7    1:00   6.8   0.0   2.5   2.1  17.7   14:45   WNW
22  13.4  17.7   16:15   9.4    5:30   4.9   0.0   1.0   7.2  27.4    7:15   WSW
23  15.7  20.0   16:30  11.0    6:30   2.7   0.2   0.0   2.7  19.3    4:15     E
24  17.3  22.6   16:00  13.1    6:15   1.8   0.9   0.0   1.8  19.3   13:45     W
25  19.1  24.0   16:15  13.8    6:45   1.1   1.9   0.0   1.3  12.9   12:15     N
26  19.7  24.8   16:45  15.1    6:00   0.7   2.0   0.0   1.1  12.9   14:30     W
27  18.9  22.9   17:45  16.8    7:30   0.3   1.0   0.0   0.8  11.3   15:45   ENE
28  16.7  20.4   14:15  14.4    7:30   1.8   0.1   7.9   4.2  35.4   17:15    NE
29  14.8  18.1   13:00  12.3   00:00   3.5   0.0  45.2   7.2  45.1   10:00   WSW
30  11.8  12.8   18:00  10.9   21:15   6.5   0.0  16.0   2.6  20.9   12:00   ENE
31  13.0  17.4   15:15   8.8    7:15   5.3   0.0   0.0   3.2  20.9   13:15     N
-------------------------------------------------------------------------------------
    15.5  28.4    15     7.8     9   105.7  20.2 204.5   4.4  45.1     9     WSW

Max >=  32.0:  0
Max <=   0.0:  0
Min <=   0.0:  0
Min <= -18.0:  0
Max Rain: 61.21 ON 08.08.07
Days of Rain: 17 (> .2 mm) 13 (> 2 mm) 3 (> 20 mm)
Heat Base:  18.3  Cool Base:  18.3  Method: Integration


Dieses Albis-Wetter und die Albis-Webcam sind eine ehrenamtliche Gratis-Dienstleistung von www.barmettler.com. Wir freuen uns auf Ihre Kontaktaufnahme! Vielen Dank!   Impressum/Datenschutz