Wetterstation mit Webcam
auf dem Albis auf 800 m.ü.M.
Prognosen
» MeteoSchweiz
» MyForecast
» Sturmwarnung Europa
» CalSky-Wetterseite
» Pollenprognose
Meteogramm

Quelle: CalSky.com
Wetterstation www.Albispass.ch  »Übersicht  »Werte  »Tagesverlauf  »Woche  »Monat  »Rechner  »Astro-Kalender

Seiten unterstützt von:



Klimatabellen
2002 »August »September »Oktober »November »Dezember
2003 »Januar »Februar »März »April »Mai »Juni »Juli »August »September »Oktober »November »Dezember
2004 »Januar »Februar »März »April »Mai »Juni »Juli »August »September »Oktober »November »Dezember
2005 »Januar »Februar »März »April »Mai »Juni »Juli »August »September »Oktober »November »Dezember
2006 »Januar »Februar »März »April »Mai »Juni »Juli »August »September »Oktober »November »Dezember
2007 »Januar »Februar »März »April »Mai »Juni »Juli »August »September »Oktober »November »Dezember
2008 »Januar »Februar »März »April »Mai »Juni »Juli »August »September »Oktober »November »Dezember
2009 »Januar »Februar »März »April »Mai »Juni »Juli »August »September »Oktober »November »Dezember
2010 »Januar »Februar »März »April »Mai »Juni »Juli »August »September »Oktober »November »Dezember
2011 »Januar »Februar »März »April »Mai »Juni »Juli »August »September »Oktober »November »Dezember
2012 »Januar »Februar »März »April »Mai »Juni »Juli »August »September »Oktober »November »Dezember
2013 »Januar »Februar »März »April »Mai »Juni »Juli »August »September »Oktober »November »Dezember
2014 »Januar »Februar »März »April »Mai »Juni »Juli »August »September »Oktober »November »Dezember
2015 »Januar »Februar »März »April »Mai »Juni »Juli »August »September »Oktober »November »Dezember
2016 »Januar »Februar »März »April »Mai »Juni »Juli »August »September »Oktober »November »Dezember
2017 »Januar »Februar »März »April »Mai »Juni »Juli »August »September »Oktober »November »Dezember
2018 »Januar »Februar »März »April »Mai »Juni »Juli »August »September »Oktober »November »Dezember
2019 »Januar »Februar »März »April »Mai »Juni »Juli »August »September »Oktober »November »Dezember
2020 »Januar »Februar »März »April »Mai »Juni

Datenarchiv


                   MONTHLY CLIMATOLOGICAL SUMMARY for MAY. 2007

NAME: Albis   CITY: Albis   STATE: Switzerland 
ELEV:   793 m  LAT:  47° 16' 38" N  LONG:   8° 31' 05" E

                   TEMPERATURE (°C), RAIN  (mm), WIND SPEED (km/hr)

                                      HEAT  COOL        AVG
    MEAN                              DEG   DEG         WIND                 DOM
DAY TEMP  HIGH   TIME   LOW    TIME   DAYS  DAYS  RAIN  SPEED HIGH   TIME    DIR
------------------------------------------------------------------------------------
 1  12.4  18.0   16:30   6.8    6:15   5.9   0.0   0.0   5.8  33.8   22:45   ENE
 2  10.9  16.3   14:45   6.2    6:30   7.4   0.0   0.3   7.2  29.0   20:30   ENE
 3  11.0  17.4   16:30   6.2    5:45   7.3   0.0   0.0   4.3  27.4   19:30   ENE
 4  10.4  14.4   16:45   7.8    6:00   7.9   0.0   2.5   3.4  25.7   20:00     E
 5   8.7  10.2   13:30   7.1   22:00   9.7   0.0  42.2   4.8  27.4   10:45    SW
 6   9.5  14.0   17:30   7.2    6:30   8.8   0.0   3.8   6.3  25.7   15:30   WSW
 7  10.7  13.9   17:15   7.4    5:45   7.7   0.0   1.0  11.9  41.8   23:30   WSW
 8  12.4  15.2   12:45  10.4    6:30   5.9   0.0   3.3  31.2  69.2   19:45   WSW
 9  13.1  16.4   17:00  11.1    1:00   5.2   0.0   0.3  26.1  64.4    5:00   WSW
10  14.8  20.7   16:15   9.2    4:30   3.8   0.3   0.0  11.4  33.8   15:30   WSW
11  14.6  18.3   16:00  11.1   23:15   3.7   0.0   0.3  17.7  62.8   12:00   WSW
12  14.3  18.7   15:15  10.7    5:30   4.0   0.0   0.8  18.8  62.8   13:15   WSW
13  17.4  24.3   16:30  11.5    6:30   2.4   1.5   0.0   6.1  30.6   18:45   ENE
14  13.0  18.9    0:15   5.6   00:00   5.3   0.0   6.3   9.8  51.5   22:15   WSW
15   6.8  10.7   17:00   5.4   23:30  11.5   0.0   8.9  11.1  43.5   15:15   WSW
16   8.2  13.7   14:30   4.1    6:00  10.1   0.0   1.5  11.4  40.2   00:00   WSW
17   7.6  10.1   21:00   5.1    7:15  10.7   0.0  24.1  15.1  38.6   13:45   WSW
18  11.8  16.6   17:30   7.2    3:15   6.5   0.0   0.0   1.8  19.3   12:30   NNE
19  16.1  21.9   16:15   9.0    6:00   3.1   0.8   0.0   2.1  19.3   14:45   ENE
20  18.2  23.8   17:15  11.7    6:00   1.7   1.6   0.0   3.5  43.5   23:30    NE
21  18.6  24.9   16:00  13.3    1:15   1.6   1.9   2.0   4.0  30.6   21:00   ENE
22  17.9  22.7   16:30  14.1    5:45   1.5   1.1   0.8   2.9  20.9   13:00   ENE
23  19.3  24.4   17:15  14.8    6:15   0.9   1.8   0.0   5.5  33.8   22:30   ENE
24  19.6  25.7   17:45  13.6    6:15   1.2   2.4   0.0   2.3  25.7   22:45   WSW
25  20.6  25.8   17:15  17.0    3:30   0.2   2.5   0.0   3.7  22.5    1:15     W
26  19.0  22.8   16:00  16.1   23:00   0.5   1.2   0.0   6.8  40.2   13:45   WSW
27  13.9  16.9    0:15  10.7   00:00   4.4   0.0   1.0  10.5  38.6   12:30   WSW
28   5.2  10.6    0:15   2.3    9:30  13.1   0.0  23.1  12.1  33.8    4:45   WSW
29   5.3   6.1   14:00   4.7   10:30  13.0   0.0   5.3  21.1  49.9    7:30   WSW
30   9.3  14.2   18:00   3.3    3:45   9.0   0.0   0.0   3.4  25.7   11:45    NE
31  12.8  18.2   15:45   8.8    7:15   5.5   0.0   0.3   4.0  32.2   23:30     E
-------------------------------------------------------------------------------------
    13.0  25.8    25     2.3    28   179.4  15.2 127.8   9.2  69.2     8     WSW

Max >=  32.0:  0
Max <=   0.0:  0
Min <=   0.0:  0
Min <= -18.0:  0
Max Rain: 42.16 ON 05.05.07
Days of Rain: 19 (> .2 mm) 10 (> 2 mm) 3 (> 20 mm)
Heat Base:  18.3  Cool Base:  18.3  Method: Integration


Dieses Albis-Wetter und die Albis-Webcam sind eine ehrenamtliche Gratis-Dienstleistung von www.barmettler.com. Wir freuen uns auf Ihre Kontaktaufnahme! Vielen Dank!   Impressum/Datenschutz