Wetterstation mit Webcam
auf dem Albis auf 800 m.ü.M.
Prognosen
» MeteoSchweiz
» MyForecast
» Sturmwarnung Europa
» CalSky-Wetterseite
» Lawinenbulletin SLF
» Pollenprognose
Meteogramm

Quelle: CalSky.com
Wetterstation www.Albispass.ch  »Übersicht  »Werte  »Tagesverlauf  »Woche  »Monat  »Rechner  »Astro-Kalender

Seiten unterstützt von:



Klimatabellen
2002 »August »September »Oktober »November »Dezember
2003 »Januar »Februar »März »April »Mai »Juni »Juli »August »September »Oktober »November »Dezember
2004 »Januar »Februar »März »April »Mai »Juni »Juli »August »September »Oktober »November »Dezember
2005 »Januar »Februar »März »April »Mai »Juni »Juli »August »September »Oktober »November »Dezember
2006 »Januar »Februar »März »April »Mai »Juni »Juli »August »September »Oktober »November »Dezember
2007 »Januar »Februar »März »April »Mai »Juni »Juli »August »September »Oktober »November »Dezember
2008 »Januar »Februar »März »April »Mai »Juni »Juli »August »September »Oktober »November »Dezember
2009 »Januar »Februar »März »April »Mai »Juni »Juli »August »September »Oktober »November »Dezember
2010 »Januar »Februar »März »April »Mai »Juni »Juli »August »September »Oktober »November »Dezember
2011 »Januar »Februar »März »April »Mai »Juni »Juli »August »September »Oktober »November »Dezember
2012 »Januar »Februar »März »April »Mai »Juni »Juli »August »September »Oktober »November »Dezember
2013 »Januar »Februar »März »April »Mai »Juni »Juli »August »September »Oktober »November »Dezember
2014 »Januar »Februar »März »April »Mai »Juni »Juli »August »September »Oktober »November »Dezember
2015 »Januar »Februar »März »April »Mai »Juni »Juli »August »September »Oktober »November »Dezember
2016 »Januar »Februar »März »April »Mai »Juni »Juli »August »September »Oktober »November »Dezember
2017 »Januar »Februar »März »April »Mai »Juni »Juli »August »September »Oktober »November »Dezember
2018 »Januar »Februar »März »April »Mai »Juni »Juli »August »September »Oktober »November »Dezember
2019 »Januar »Februar »März »April »Mai »Juni »Juli »August »September »Oktober »November »Dezember
2020 »Januar »Februar »März »April »Mai

Datenarchiv


                   MONTHLY CLIMATOLOGICAL SUMMARY for APR. 2007

NAME: Albis   CITY: Albis   STATE: Switzerland 
ELEV:   793 m  LAT:  47° 16' 38" N  LONG:   8° 31' 05" E

                   TEMPERATURE (°C), RAIN  (mm), WIND SPEED (km/hr)

                                      HEAT  COOL        AVG
    MEAN                              DEG   DEG         WIND                 DOM
DAY TEMP  HIGH   TIME   LOW    TIME   DAYS  DAYS  RAIN  SPEED HIGH   TIME    DIR
------------------------------------------------------------------------------------
 1   5.9  11.2   17:00   1.1    7:45  12.4   0.0   0.0   1.8  20.9   15:45   ENE
 2   9.9  15.2   16:00   4.7    7:30   8.4   0.0   0.0   2.1  17.7   15:15    NE
 3   8.2  13.3   16:00   3.9   23:15  10.1   0.0   3.6   2.9  22.5   23:45    NE
 4   1.9   3.9    0:15  -0.3    6:30  16.4   0.0   5.3   7.7  43.5   16:30   ENE
 5   4.8   9.0   17:00   1.1    8:45  13.5   0.0   0.0   4.8  29.0   14:30   ENE
 6   8.6  14.6   16:30   2.8    6:15   9.8   0.0   0.0   3.2  25.7   14:45     N
 7  11.4  16.7   16:30   6.5    7:00   6.9   0.0   0.0   1.4  22.5   00:00     E
 8   8.1  11.8   16:45   5.1    9:15  10.2   0.0   0.0   5.5  27.4   14:00     E
 9  10.5  16.2   17:15   4.7    5:00   7.8   0.0   0.0   6.8  29.0   13:30   WSW
10  12.4  17.6   16:30   6.0    6:30   5.9   0.0   0.0   1.4  25.7   13:45   WNW
11  11.9  17.4   16:30   6.2    7:00   6.4   0.0   0.0   4.5  29.0   14:00   ENE
12  14.3  20.2   15:45   7.8    7:15   4.2   0.3   0.0   1.9  16.1    0:15   ENE
13  16.9  21.9   16:15  12.4    6:15   2.0   0.7   0.0   4.7  22.5    2:15   ENE
14  17.6  22.4   17:30  11.9    6:15   1.6   0.9   0.0   2.6  25.7   15:45   ENE
15  16.8  21.9   16:15  11.8    7:45   2.1   0.7   0.0   3.2  25.7   22:15   ENE
16  15.3  19.7   15:45  10.2    7:15   3.1   0.2   0.0   3.9  25.7   16:45    NE
17  15.6  20.9   15:15   9.7    7:45   3.2   0.4   0.0   1.6  17.7   17:00   NNE
18  11.5  14.0    0:15   7.8   00:00   6.8   0.0   0.0   2.9  25.7   23:30   ENE
19  10.3  16.5   16:15   3.9    6:15   8.0   0.0   0.0   3.5  22.5   13:15     N
20  13.2  18.6   16:45   7.8    6:45   5.1   0.0   0.0   1.8  19.3   11:15     N
21  13.2  20.1   17:00   5.9    6:00   5.3   0.2   0.0   3.4  19.3   23:15    NE
22  15.7  21.9   15:45   9.6    5:15   3.3   0.7   0.0   3.2  22.5   20:45     W
23  16.7  21.8   15:15  11.4    5:15   2.4   0.8   0.0   3.4  25.7   14:30   WNW
24  17.5  22.3   17:00  12.9    5:45   1.8   1.0   0.0   3.5  20.9   14:15   WSW
25  17.4  23.2   15:45  11.8    7:15   2.0   1.1   0.0   4.2  25.7   12:45   ENE
26  16.6  22.3   15:45  10.9    5:45   2.5   0.8   0.0   2.7  19.3   16:15    NE
27  15.3  20.8   15:45  11.7    3:15   3.2   0.2   0.0   5.5  33.8   19:15   WSW
28  15.7  21.6   16:30  10.8    6:15   3.2   0.6   0.0   3.1  17.7   11:00     W
29  16.4  22.7   15:15  11.7    6:45   2.6   0.8   0.0   5.0  30.6   22:15   WSW
30  13.2  18.0   17:30  10.0    7:30   5.1   0.0   0.0   5.3  30.6   17:30   ENE
-------------------------------------------------------------------------------------
    12.8  23.2    25    -0.3     4   175.4   9.4   8.9   3.6  43.5     4     ENE

Max >=  32.0:  0
Max <=   0.0:  0
Min <=   0.0:  1
Min <= -18.0:  0
Max Rain: 5.33 ON 04.04.07
Days of Rain: 2 (> .2 mm) 2 (> 2 mm) 0 (> 20 mm)
Heat Base:  18.3  Cool Base:  18.3  Method: Integration


Dieses Albis-Wetter und die Albis-Webcam sind eine ehrenamtliche Gratis-Dienstleistung von www.barmettler.com. Wir freuen uns auf Ihre Kontaktaufnahme! Vielen Dank!   Impressum/Datenschutz