Wetterstation mit Webcam
auf dem Albis auf 800 m.ü.M.
Prognosen
» MeteoSchweiz
» MyForecast
» Sturmwarnung Europa
» CalSky-Wetterseite
Meteogramm

Quelle: CalSky.com
Wetterstation www.Albispass.ch  »Übersicht  »Werte  »Tagesverlauf  »Woche  »Monat  »Rechner  »Astro-Kalender

Seiten unterstützt von:



Klimatabellen
2002 »August »September »Oktober »November »Dezember
2003 »Januar »Februar »März »April »Mai »Juni »Juli »August »September »Oktober »November »Dezember
2004 »Januar »Februar »März »April »Mai »Juni »Juli »August »September »Oktober »November »Dezember
2005 »Januar »Februar »März »April »Mai »Juni »Juli »August »September »Oktober »November »Dezember
2006 »Januar »Februar »März »April »Mai »Juni »Juli »August »September »Oktober »November »Dezember
2007 »Januar »Februar »März »April »Mai »Juni »Juli »August »September »Oktober »November »Dezember
2008 »Januar »Februar »März »April »Mai »Juni »Juli »August »September »Oktober »November »Dezember
2009 »Januar »Februar »März »April »Mai »Juni »Juli »August »September »Oktober »November »Dezember
2010 »Januar »Februar »März »April »Mai »Juni »Juli »August »September »Oktober »November »Dezember
2011 »Januar »Februar »März »April »Mai »Juni »Juli »August »September »Oktober »November »Dezember
2012 »Januar »Februar »März »April »Mai »Juni »Juli »August »September »Oktober »November »Dezember
2013 »Januar »Februar »März »April »Mai »Juni »Juli »August »September »Oktober »November »Dezember
2014 »Januar »Februar »März »April »Mai »Juni »Juli »August »September »Oktober »November »Dezember
2015 »Januar »Februar »März »April »Mai »Juni »Juli »August »September »Oktober »November »Dezember
2016 »Januar »Februar »März »April »Mai »Juni »Juli »August »September »Oktober »November »Dezember
2017 »Januar »Februar »März »April »Mai »Juni »Juli »August »September »Oktober »November »Dezember
2018 »Januar »Februar »März »April »Mai »Juni »Juli »August »September »Oktober »November »Dezember
2019 »Januar »Februar »März »April »Mai »Juni »Juli »August »September »Oktober »November »Dezember
2020 »Januar »Februar »März »April »Mai »Juni »Juli »August »September »Oktober

Datenarchiv


                   MONTHLY CLIMATOLOGICAL SUMMARY for SEP. 2006

NAME: Albis   CITY: Albis   STATE: Switzerland 
ELEV:   793 m  LAT:  47° 16' 38" N  LONG:   8° 31' 05" E

                   TEMPERATURE (°C), RAIN  (mm), WIND SPEED (km/hr)

                                      HEAT  COOL        AVG
    MEAN                              DEG   DEG         WIND                 DOM
DAY TEMP  HIGH   TIME   LOW    TIME   DAYS  DAYS  RAIN  SPEED HIGH   TIME    DIR
------------------------------------------------------------------------------------
 1  14.7  20.9   16:45   9.2    6:45   4.0   0.4   0.0   1.8  17.7   15:30    NE
 2  16.7  21.6   15:45  13.6    7:15   1.9   0.3   0.0   9.0  30.6   11:30   WSW
 3  17.7  22.2   17:15  14.8    4:45   1.3   0.7   0.3   9.2  30.6   11:30   WSW
 4  20.0  24.1   15:00  17.7   22:30   0.0   1.8   0.0   9.2  30.6    1:45   WSW
 5  20.2  24.6   15:45  16.8    7:00   0.3   2.1   0.0   2.1  19.3   00:00   NNE
 6  17.5  20.6   14:45  14.0    7:00   1.3   0.4   0.0   2.9  19.3   17:00   ENE
 7  19.6  24.2   15:45  14.9    7:00   0.8   2.1   0.3   5.1  22.5   22:15   WSW
 8  13.9  18.0    0:15  11.1    9:30   4.4   0.0   0.5   8.7  32.2   12:15   ENE
 9  13.3  18.8   16:30   8.2    5:30   5.0   0.0   0.0   3.2  27.4    1:00    NE
10  17.4  23.1   15:30  12.4    7:30   1.9   1.0   0.0   2.1  27.4   22:30   WSW
11  18.4  23.5   15:30  14.6    6:00   1.0   1.1   0.0   3.1  20.9    2:30   WSW
12  18.1  23.0   16:30  13.4    7:15   1.3   1.0   0.0   3.5  20.9    9:00   WSW
13  18.4  23.6   16:00  13.6    6:45   1.3   1.4   0.0   2.7  19.3   17:00   ENE
14  18.9  21.9   15:15  16.9    7:45   0.2   0.8   0.0   5.1  17.7    0:45   ENE
15  15.7  19.2    0:15  13.7    9:45   2.6   0.0   1.3   3.9  22.5    7:00   ENE
16  14.8  18.6   17:00  12.2    5:30   3.5   0.0   0.3   3.2  17.7   13:45     W
17  13.0  14.3    0:15  12.2   19:45   5.3   0.0  31.5  11.7  33.8    4:30   WSW
18  12.2  12.6   18:30  11.5   23:45   6.2   0.0  27.4  13.8  30.6    7:00   WSW
19  12.9  17.0   16:00  11.2    8:00   5.3   0.0   2.8   5.0  19.3    5:00    SW
20  15.3  19.7   16:00  11.9    7:45   3.1   0.1   0.0   1.3  17.7   13:00   ENE
21  16.7  21.4   15:30  12.1    5:30   2.2   0.5   0.0   2.7  16.1   14:15   ENE
22  17.5  22.7   15:30  12.3    5:45   1.6   0.9   0.0   3.4  17.7   22:30    NE
23  16.1  20.2   15:30  12.9    5:30   2.4   0.2   0.0   2.3  17.7   14:15   WSW
24  17.0  21.6   15:00  13.4    7:45   1.8   0.5   0.3   5.6  30.6   17:45    NE
25  12.6  14.6    0:15  10.2   18:15   5.8   0.0  17.3   6.9  29.0   18:00   WSW
26  11.3  13.1   16:30  10.1    8:00   7.0   0.0  11.7   4.3  20.9    0:15   WSW
27  12.4  16.4   15:30  11.0    6:45   5.9   0.0   0.3   1.1  25.7   13:45   ENE
28  12.1  14.6   16:45  10.9    3:45   6.2   0.0   0.0   0.3   9.7   14:00     N
29  14.4  19.2   15:00  10.2    7:15   3.9   0.1   0.3   2.3  16.1   14:15     W
30  15.4  19.3   14:45  12.8    8:00   2.9   0.1   5.6   3.9  29.0    3:30   WSW
-------------------------------------------------------------------------------------
    15.8  24.6     5     8.2     9    90.1  15.6  99.6   4.7  33.8    17     WSW

Max >=  32.0:  0
Max <=   0.0:  0
Min <=   0.0:  0
Min <= -18.0:  0
Max Rain: 31.50 ON 17.09.06
Days of Rain: 14 (> .2 mm) 6 (> 2 mm) 2 (> 20 mm)
Heat Base:  18.3  Cool Base:  18.3  Method: Integration


Dieses Albis-Wetter und die Albis-Webcam sind eine ehrenamtliche Gratis-Dienstleistung von www.barmettler.com. Wir freuen uns auf Ihre Kontaktaufnahme! Vielen Dank!   Impressum/Datenschutz