Wetterstation mit Webcam
auf dem Albis auf 800 m.ü.M.
Prognosen
» MeteoSchweiz
» MyForecast
» Sturmwarnung Europa
» CalSky-Wetterseite
» Lawinenbulletin SLF
» Pollenprognose
Meteogramm

Quelle: CalSky.com
Wetterstation www.Albispass.ch  »Übersicht  »Werte  »Tagesverlauf  »Woche  »Monat  »Rechner  »Astro-Kalender

Seiten unterstützt von:



Klimatabellen
2002 »August »September »Oktober »November »Dezember
2003 »Januar »Februar »März »April »Mai »Juni »Juli »August »September »Oktober »November »Dezember
2004 »Januar »Februar »März »April »Mai »Juni »Juli »August »September »Oktober »November »Dezember
2005 »Januar »Februar »März »April »Mai »Juni »Juli »August »September »Oktober »November »Dezember
2006 »Januar »Februar »März »April »Mai »Juni »Juli »August »September »Oktober »November »Dezember
2007 »Januar »Februar »März »April »Mai »Juni »Juli »August »September »Oktober »November »Dezember
2008 »Januar »Februar »März »April »Mai »Juni »Juli »August »September »Oktober »November »Dezember
2009 »Januar »Februar »März »April »Mai »Juni »Juli »August »September »Oktober »November »Dezember
2010 »Januar »Februar »März »April »Mai »Juni »Juli »August »September »Oktober »November »Dezember
2011 »Januar »Februar »März »April »Mai »Juni »Juli »August »September »Oktober »November »Dezember
2012 »Januar »Februar »März »April »Mai »Juni »Juli »August »September »Oktober »November »Dezember
2013 »Januar »Februar »März »April »Mai »Juni »Juli »August »September »Oktober »November »Dezember
2014 »Januar »Februar »März »April »Mai »Juni »Juli »August »September »Oktober »November »Dezember
2015 »Januar »Februar »März »April »Mai »Juni »Juli »August »September »Oktober »November »Dezember
2016 »Januar »Februar »März »April »Mai »Juni »Juli »August »September »Oktober »November »Dezember
2017 »Januar »Februar »März »April »Mai »Juni »Juli »August »September »Oktober »November »Dezember
2018 »Januar »Februar »März »April »Mai »Juni »Juli »August »September »Oktober »November »Dezember
2019 »Januar »Februar »März »April »Mai »Juni »Juli »August »September »Oktober »November »Dezember
2020 »Januar »Februar »März »April »Mai

Datenarchiv


                   MONTHLY CLIMATOLOGICAL SUMMARY for AUG. 2006

NAME: Albis   CITY: Albis   STATE: Switzerland 
ELEV:   793 m  LAT:  47° 16' 38" N  LONG:   8° 31' 05" E

                   TEMPERATURE (°C), RAIN  (mm), WIND SPEED (km/hr)

                                      HEAT  COOL        AVG
    MEAN                              DEG   DEG         WIND                 DOM
DAY TEMP  HIGH   TIME   LOW    TIME   DAYS  DAYS  RAIN  SPEED HIGH   TIME    DIR
------------------------------------------------------------------------------------
 1  15.3  18.2   16:30  13.8   23:30   3.0   0.0   9.1   6.1  33.8   19:45   WSW
 2  15.3  19.3   16:30  12.6    9:00   3.0   0.0   0.0   6.6  27.4    7:30   WSW
 3  11.4  14.9    0:15   9.1   21:00   6.9   0.0  31.2   8.5  30.6   15:30   WSW
 4  11.8  16.8   16:45   9.3    1:30   5.6   0.0   2.8   8.4  32.2   19:00   WSW
 5  11.7  12.6   19:30  10.7   10:15   6.6   0.0  34.5   5.6  29.0    0:15   WSW
 6  12.1  14.4   21:15  11.0    7:30   5.9   0.0   6.3   8.9  25.7   14:00   WSW
 7  14.1  18.3   17:00  11.2    8:00   3.9   0.0   2.3   7.4  20.9   10:00    SW
 8  15.8  22.1   16:00  11.7    6:15   2.1   0.3   0.8   1.4  19.3   15:15   ENE
 9  14.2  18.6   16:15  11.2    7:45   4.1   0.0   0.3   2.3  19.3    2:15   ENE
10  12.9  16.5   13:00  11.2   20:45   5.4   0.0   0.3   4.5  35.4   15:00   WSW
11  10.2  11.8   12:15   8.7   23:45   7.8   0.0  22.1   9.0  38.6   19:00   WSW
12   9.4  12.9   14:45   7.7    6:00   8.9   0.0   7.6  10.3  33.8   18:45   WSW
13   8.9  10.1   15:00   7.7    3:45   9.3   0.0  11.2  12.1  40.2   17:30   WSW
14  10.1  12.3   18:15   7.4    6:00   8.2   0.0   0.8  12.7  48.3   13:45   WSW
15  14.2  19.9   16:45   9.0    1:30   4.2   0.1   0.0   6.8  27.4    2:45   WSW
16  14.7  18.9   16:15  11.4    5:15   3.6   0.0   4.1   5.1  22.5    7:00   ENE
17  17.2  22.2   16:15  12.1    7:15   2.1   1.0   0.5   3.7  22.5   23:00   ENE
18  16.9  20.9    1:45  11.6    7:45   1.9   0.6   2.8  10.3  62.8    5:15   WSW
19  16.6  23.2   15:45  12.9    4:45   2.5   0.8  11.2   4.5  43.5   18:45     W
20  14.3  17.9   15:30  12.6   22:30   4.0   0.0   8.1   5.3  33.8   15:30   WSW
21  14.3  18.6   16:45  11.3    4:15   3.9   0.0   1.0   6.1  29.0   11:45   WSW
22  13.7  16.8   17:15  11.8   13:30   4.6   0.0   1.3  10.6  41.8    3:00   WSW
23  15.8  20.1   15:45  11.6    6:45   2.7   0.2   0.0   1.8  19.3   11:15    NE
24  13.5  17.7   11:45  11.2   22:45   4.8   0.0   6.6   9.2  45.1   12:30   WSW
25  12.9  17.3   13:45   9.7    4:45   5.4   0.0   0.0   9.0  29.0   11:00   WSW
26  12.7  18.4   15:30   9.4    7:00   5.6   0.0  15.5   7.6  38.6   16:45   WSW
27  11.3  13.4   15:15  10.3    5:00   7.0   0.0  13.7  13.7  38.6    0:45   WSW
28  11.3  13.8   13:30   9.6   00:00   7.0   0.0  12.7  11.4  32.2   13:30   WSW
29   9.1  13.4   13:15   6.7   22:45   9.3   0.0  13.5   8.4  30.6    1:15   WSW
30   9.0  13.1   15:30   6.9    0:15   9.3   0.0   4.3  13.0  38.6   15:45   WSW
31  11.7  16.8   15:45   7.4    2:15   6.6   0.0   0.0   1.4  17.7   14:30    SW
-------------------------------------------------------------------------------------
    13.0  23.2    19     6.7    29   165.3   3.1 224.5   7.5  62.8    18     WSW

Max >=  32.0:  0
Max <=   0.0:  0
Min <=   0.0:  0
Min <= -18.0:  0
Max Rain: 34.54 ON 05.08.06
Days of Rain: 26 (> .2 mm) 19 (> 2 mm) 3 (> 20 mm)
Heat Base:  18.3  Cool Base:  18.3  Method: Integration


Dieses Albis-Wetter und die Albis-Webcam sind eine ehrenamtliche Gratis-Dienstleistung von www.barmettler.com. Wir freuen uns auf Ihre Kontaktaufnahme! Vielen Dank!   Impressum/Datenschutz