Wetterstation mit Webcam
auf dem Albis auf 800 m.ü.M.
Prognosen
» MeteoSchweiz
» MyForecast
» Sturmwarnung Europa
» CalSky-Wetterseite
Meteogramm

Quelle: CalSky.com
Wetterstation www.Albispass.ch  »Übersicht  »Werte  »Tagesverlauf  »Woche  »Monat  »Rechner  »Astro-Kalender

Seiten unterstützt von:



Klimatabellen
2002 »August »September »Oktober »November »Dezember
2003 »Januar »Februar »März »April »Mai »Juni »Juli »August »September »Oktober »November »Dezember
2004 »Januar »Februar »März »April »Mai »Juni »Juli »August »September »Oktober »November »Dezember
2005 »Januar »Februar »März »April »Mai »Juni »Juli »August »September »Oktober »November »Dezember
2006 »Januar »Februar »März »April »Mai »Juni »Juli »August »September »Oktober »November »Dezember
2007 »Januar »Februar »März »April »Mai »Juni »Juli »August »September »Oktober »November »Dezember
2008 »Januar »Februar »März »April »Mai »Juni »Juli »August »September »Oktober »November »Dezember
2009 »Januar »Februar »März »April »Mai »Juni »Juli »August »September »Oktober »November »Dezember
2010 »Januar »Februar »März »April »Mai »Juni »Juli »August »September »Oktober »November »Dezember
2011 »Januar »Februar »März »April »Mai »Juni »Juli »August »September »Oktober »November »Dezember
2012 »Januar »Februar »März »April »Mai »Juni »Juli »August »September »Oktober »November »Dezember
2013 »Januar »Februar »März »April »Mai »Juni »Juli »August »September »Oktober »November »Dezember
2014 »Januar »Februar »März »April »Mai »Juni »Juli »August »September »Oktober »November »Dezember
2015 »Januar »Februar »März »April »Mai »Juni »Juli »August »September »Oktober »November »Dezember
2016 »Januar »Februar »März »April »Mai »Juni »Juli »August »September »Oktober »November »Dezember
2017 »Januar »Februar »März »April »Mai »Juni »Juli »August »September »Oktober »November »Dezember
2018 »Januar »Februar »März »April »Mai »Juni »Juli »August »September »Oktober »November »Dezember
2019 »Januar »Februar »März »April »Mai »Juni »Juli »August »September »Oktober »November »Dezember
2020 »Januar »Februar »März »April »Mai »Juni »Juli »August »September

Datenarchiv


                   MONTHLY CLIMATOLOGICAL SUMMARY for APR. 2006

NAME: Albis   CITY: Albis   STATE: Switzerland 
ELEV:   793 m  LAT:  47° 16' 38" N  LONG:   8° 31' 05" E

                   TEMPERATURE (°C), RAIN  (mm), WIND SPEED (km/hr)

                                      HEAT  COOL        AVG
    MEAN                              DEG   DEG         WIND                 DOM
DAY TEMP  HIGH   TIME   LOW    TIME   DAYS  DAYS  RAIN  SPEED HIGH   TIME    DIR
------------------------------------------------------------------------------------
 1   9.7  14.8   15:15   6.5    7:45   8.6   0.0   0.5   8.5  38.6   21:00   WSW
 2   8.7  14.1   14:45   6.2    4:15   9.6   0.0   0.0  18.7  57.9   16:30   WSW
 3   6.0  10.0   16:15   3.4    7:00  12.3   0.0   2.3  18.0  53.1   14:45   WSW
 4   6.5  11.2   15:45   2.1    7:30  11.8   0.0   0.0   3.7  20.9   13:15    SW
 5   0.4   5.8    0:15  -1.8   23:45  17.9   0.0  33.8   1.6  19.3    0:30    NE
 6  -0.1   3.4   17:00  -2.7    7:00  18.4   0.0   0.0   2.6  29.0   14:30   ENE
 7   2.1   7.3   17:00  -2.6    7:15  16.2   0.0   0.0   2.4  17.7   18:15   WSW
 8   7.3  13.7   17:45   1.1    4:45  11.0   0.0   0.0   8.9  33.8   13:30   WSW
 9   4.1   8.6    0:15   1.4   23:15  14.2   0.0  33.3   2.6  19.3    0:30   ENE
10   0.7   2.6   10:45  -0.8   19:15  17.6   0.0  13.7   2.6  20.9    5:15     N
11  -0.3   0.9   16:15  -1.3    6:00  18.6   0.0   7.1   3.2  20.9   16:00   WSW
12   0.2   2.2   18:15  -1.4    5:45  18.1   0.0   1.5  12.1  32.2   18:00   WSW
13   2.8   5.9   14:15   0.9    7:15  15.5   0.0   2.8  17.7  56.3   15:00   WSW
14   7.8  13.7   17:45   3.4    0:15  10.5   0.0   0.0  12.4  40.2   13:15   WSW
15   7.8  10.2   12:00   5.6    6:30  10.5   0.0   4.8   8.0  41.8   14:45    NE
16   7.9  10.3   18:15   6.6    7:00  10.3   0.0   4.3  19.8  54.7   13:30   WSW
17   8.2  12.7   15:00   4.8    7:00  10.1   0.0   1.3   6.0  27.4   20:30    SW
18   7.8  12.9   15:30   6.1    7:45  10.5   0.0   6.1   1.8  20.9   16:15   WSW
19   9.6  14.7   16:15   5.3    6:45   8.7   0.0   0.0   1.8  20.9   12:15   ENE
20  11.2  16.6   17:00   5.8    7:15   7.1   0.0   0.0   2.3  14.5   14:45     W
21  13.8  19.1   16:30   8.3    6:30   4.6   0.0   0.0   1.8  17.7   12:30   ENE
22  12.4  18.4   15:45   8.7    5:45   5.8   0.0   6.9   8.2  53.1   18:45   WSW
23  11.7  16.6   17:45   8.4    6:15   6.6   0.0   1.5   7.2  33.8   15:15    SW
24  13.7  19.6   16:45   7.8    7:00   4.6   0.1   0.0   5.5  43.5   22:15   ENE
25  12.4  15.4   17:15  10.2    7:00   5.9   0.0   0.0   5.6  25.7    0:30   WSW
26   9.8  11.8   15:30   8.3   21:15   8.5   0.0  14.0   4.8  25.7   16:00   WSW
27   9.3  12.6   15:30   7.9    4:00   9.0   0.0   6.1   1.1  16.1   16:30   WSW
28   7.9   9.3    0:15   6.6   22:30  10.4   0.0   9.4   1.0  12.9    8:30     N
29   4.6   6.9    0:15   1.6   00:00  13.7   0.0   1.5   4.2  20.9   12:30     W
30   4.1   9.1   16:15  -0.4    6:00  14.3   0.0   0.3   3.5  22.5   15:15   WSW
-------------------------------------------------------------------------------------
     6.9  19.6    24    -2.7     6   340.9   0.1 151.1   6.6  57.9     2     WSW

Max >=  32.0:  0
Max <=   0.0:  0
Min <=   0.0:  7
Min <= -18.0:  0
Max Rain: 33.78 ON 05.04.06
Days of Rain: 19 (> .2 mm) 13 (> 2 mm) 2 (> 20 mm)
Heat Base:  18.3  Cool Base:  18.3  Method: Integration


Dieses Albis-Wetter und die Albis-Webcam sind eine ehrenamtliche Gratis-Dienstleistung von www.barmettler.com. Wir freuen uns auf Ihre Kontaktaufnahme! Vielen Dank!   Impressum/Datenschutz