Wetterstation mit Webcam
auf dem Albis auf 800 m.ü.M.
Prognosen
» MeteoSchweiz
» MyForecast
» Sturmwarnung Europa
» CalSky-Wetterseite
» Lawinenbulletin SLF
» Pollenprognose
Meteogramm

Quelle: CalSky.com
Wetterstation www.Albispass.ch  »Übersicht  »Werte  »Tagesverlauf  »Woche  »Monat  »Rechner  »Astro-Kalender

Seiten unterstützt von:



Klimatabellen
2002 »August »September »Oktober »November »Dezember
2003 »Januar »Februar »März »April »Mai »Juni »Juli »August »September »Oktober »November »Dezember
2004 »Januar »Februar »März »April »Mai »Juni »Juli »August »September »Oktober »November »Dezember
2005 »Januar »Februar »März »April »Mai »Juni »Juli »August »September »Oktober »November »Dezember
2006 »Januar »Februar »März »April »Mai »Juni »Juli »August »September »Oktober »November »Dezember
2007 »Januar »Februar »März »April »Mai »Juni »Juli »August »September »Oktober »November »Dezember
2008 »Januar »Februar »März »April »Mai »Juni »Juli »August »September »Oktober »November »Dezember
2009 »Januar »Februar »März »April »Mai »Juni »Juli »August »September »Oktober »November »Dezember
2010 »Januar »Februar »März »April »Mai »Juni »Juli »August »September »Oktober »November »Dezember
2011 »Januar »Februar »März »April »Mai »Juni »Juli »August »September »Oktober »November »Dezember
2012 »Januar »Februar »März »April »Mai »Juni »Juli »August »September »Oktober »November »Dezember
2013 »Januar »Februar »März »April »Mai »Juni »Juli »August »September »Oktober »November »Dezember
2014 »Januar »Februar »März »April »Mai »Juni »Juli »August »September »Oktober »November »Dezember
2015 »Januar »Februar »März »April »Mai »Juni »Juli »August »September »Oktober »November »Dezember
2016 »Januar »Februar »März »April »Mai »Juni »Juli »August »September »Oktober »November »Dezember
2017 »Januar »Februar »März »April »Mai »Juni »Juli »August »September »Oktober »November »Dezember
2018 »Januar »Februar »März »April »Mai »Juni »Juli »August »September »Oktober »November »Dezember
2019 »Januar »Februar »März »April »Mai »Juni »Juli »August »September »Oktober »November »Dezember
2020 »Januar »Februar »März »April »Mai

Datenarchiv


                   MONTHLY CLIMATOLOGICAL SUMMARY for SEP. 2005

NAME: Albis   CITY: Albis   STATE: Switzerland 
ELEV:   793 m  LAT: 47° 18' 00" N  LONG: 8° 30' 00" E

                   TEMPERATURE (°C), RAIN  (mm), WIND SPEED (km/h)

                                      HEAT  COOL        AVG
    MEAN                              DEG   DEG         WIND                 DOM
DAY TEMP  HIGH   TIME   LOW    TIME   DAYS  DAYS  RAIN  SPEED HIGH   TIME    DIR
------------------------------------------------------------------------------------
 1  20.7  24.9   16:00  17.4    2:45   0.1   2.5   0.0   5.8  20.9   11:15   WSW
 2  19.7  24.3   15:15  16.0    7:30   0.3   1.7   0.0   2.7  20.9   18:15     E
 3  18.6  23.5   15:30  15.6    6:30   0.8   1.1   0.0   4.0  22.5   18:00    NE
 4  17.1  20.3   16:45  15.1    7:00   1.4   0.2   0.0   3.4  19.3   15:00    NE
 5  17.8  23.5   17:00  13.2    4:45   1.7   1.2   0.3   2.1  17.7   22:45    NE
 6  18.4  23.4   15:45  14.1    3:15   1.3   1.4   0.0   5.1  22.5   12:15     E
 7  19.2  24.6   14:45  14.6    4:00   0.9   1.9   0.0   4.8  20.9    8:00   ENE
 8  19.8  24.6   16:30  14.2    7:15   0.6   2.1   0.0   2.3  20.9   23:00     E
 9  17.6  21.2    0:15  13.9   00:00   1.3   0.7   8.6   5.6  33.8   20:45   WSW
10  15.6  19.2   16:30  13.8    5:15   2.7   0.0  10.2   6.6  20.9    6:00   WSW
11  13.8  17.2   16:30  11.9   23:30   4.5   0.0  14.7   5.8  29.0    6:30   WSW
12  12.8  16.7   17:00  11.1    8:45   5.5   0.0   2.3   6.3  27.4    9:15   WSW
13  14.7  19.9   15:45  11.3    3:30   3.6   0.1   0.0   1.4  22.5   21:30     E
14  14.8  19.0   15:15  12.4    3:00   3.5   0.0   0.0   1.8  17.7   20:45   WNW
15  15.2  19.8   14:00  11.8    6:30   3.2   0.1   0.0   2.9  20.9   13:30     W
16  14.8  20.0   14:15   8.9   00:00   3.6   0.1   8.9  11.1  43.5   15:30   WSW
17   6.4   8.9    0:15   5.6    5:45  11.9   0.0  13.5   6.3  32.2   10:45   ENE
18   6.7   8.9   19:00   4.4    8:00  11.6   0.0   0.0   5.5  33.8   11:45     N
19   6.9   8.2   17:30   5.7    6:00  11.4   0.0   0.0   2.9  22.5    2:45     E
20   9.1  12.6   17:30   7.1    5:15   9.2   0.0   0.0   1.0  16.1   12:45     N
21  10.0  14.7   15:45   6.2    7:30   8.3   0.0   0.3   4.0  33.8   12:45     E
22  11.1  15.9   15:45   6.2    4:45   7.2   0.0   0.0   1.4  11.3    0:15   ENE
23  13.9  18.9   15:30   9.1    6:45   4.5   0.0   0.0   2.9  17.7   12:15     W
24  15.0  19.6   16:00  10.9    7:15   3.4   0.1   0.0   1.9  11.3   12:30   NNE
25  15.1  20.1   16:15  11.2    5:00   3.4   0.2   0.0   2.9  17.7   14:15   WSW
26  13.8  17.8   14:45  11.2    7:15   4.5   0.0   0.0   4.2  20.9   12:00   WSW
27  13.9  16.8   17:15  12.2   23:15   4.4   0.0   0.0   2.3  16.1   14:45     W
28  13.7  18.1   14:15  11.0   23:45   4.6   0.0   0.0   5.8  27.4   19:15   WSW
29  10.1  11.9   14:00   7.7   22:30   8.2   0.0   5.3   9.7  43.5   13:30   WSW
30   8.3  10.4   16:45   6.4    6:15  10.0   0.0   0.3   1.3  12.9    0:15     E
-------------------------------------------------------------------------------------
    14.1  24.9     1     4.4    18   137.8  13.4  64.3   4.1  43.5    16     WSW

Max >=  32.0:  0
Max <=   0.0:  0
Min <=   0.0:  0
Min <= -18.0:  0
Max Rain: 14.73 ON 11.09.05
Days of Rain: 10 (> .2 mm) 7 (> 2 mm) 0 (> 20 mm)
Heat Base:  18.3  Cool Base:  18.3  Method: Integration


Dieses Albis-Wetter und die Albis-Webcam sind eine ehrenamtliche Gratis-Dienstleistung von www.barmettler.com. Wir freuen uns auf Ihre Kontaktaufnahme! Vielen Dank!   Impressum/Datenschutz