Wetterstation mit Webcam
auf dem Albis auf 800 m.ü.M.
Prognosen
» MeteoSchweiz
» MyForecast
» Sturmwarnung Europa
» CalSky-Wetterseite
» Lawinenbulletin SLF
» Pollenprognose
Meteogramm

Quelle: CalSky.com
Wetterstation www.Albispass.ch  »Übersicht  »Werte  »Tagesverlauf  »Woche  »Monat  »Rechner  »Astro-Kalender

Seiten unterstützt von:



Klimatabellen
2002 »August »September »Oktober »November »Dezember
2003 »Januar »Februar »März »April »Mai »Juni »Juli »August »September »Oktober »November »Dezember
2004 »Januar »Februar »März »April »Mai »Juni »Juli »August »September »Oktober »November »Dezember
2005 »Januar »Februar »März »April »Mai »Juni »Juli »August »September »Oktober »November »Dezember
2006 »Januar »Februar »März »April »Mai »Juni »Juli »August »September »Oktober »November »Dezember
2007 »Januar »Februar »März »April »Mai »Juni »Juli »August »September »Oktober »November »Dezember
2008 »Januar »Februar »März »April »Mai »Juni »Juli »August »September »Oktober »November »Dezember
2009 »Januar »Februar »März »April »Mai »Juni »Juli »August »September »Oktober »November »Dezember
2010 »Januar »Februar »März »April »Mai »Juni »Juli »August »September »Oktober »November »Dezember
2011 »Januar »Februar »März »April »Mai »Juni »Juli »August »September »Oktober »November »Dezember
2012 »Januar »Februar »März »April »Mai »Juni »Juli »August »September »Oktober »November »Dezember
2013 »Januar »Februar »März »April »Mai »Juni »Juli »August »September »Oktober »November »Dezember
2014 »Januar »Februar »März »April »Mai »Juni »Juli »August »September »Oktober »November »Dezember
2015 »Januar »Februar »März »April »Mai »Juni »Juli »August »September »Oktober »November »Dezember
2016 »Januar »Februar »März »April »Mai »Juni »Juli »August »September »Oktober »November »Dezember
2017 »Januar »Februar »März »April »Mai »Juni »Juli »August »September »Oktober »November »Dezember
2018 »Januar »Februar »März »April »Mai »Juni »Juli »August »September »Oktober »November »Dezember
2019 »Januar »Februar »März »April »Mai »Juni »Juli »August »September »Oktober »November »Dezember
2020 »Januar »Februar »März »April »Mai

Datenarchiv


                   MONTHLY CLIMATOLOGICAL SUMMARY for DEC. 2004

NAME: Albis   CITY: Albis   STATE: Switzerland 
ELEV:   793 m  LAT: 47° 18' 00" N  LONG: 8° 30' 00" E

                   TEMPERATURE (°C), RAIN  (mm), WIND SPEED (km/h)

                                      HEAT  COOL        AVG
    MEAN                              DEG   DEG         WIND                 DOM
DAY TEMP  HIGH   TIME   LOW    TIME   DAYS  DAYS  RAIN  SPEED HIGH   TIME    DIR
------------------------------------------------------------------------------------
 1   0.4   3.3   16:15  -1.9   23:15  17.9   0.0   0.0   2.3  25.7   11:45   ENE
 2  -0.5   1.8   13:30  -3.2    2:15  18.6   0.0   0.0   2.6  16.1    5:15   WSW
 3   2.7   6.8   12:15  -1.0    1:00  15.7   0.0   0.0   2.6  16.1   10:30    NE
 4   0.8   3.4    0:30   0.2    9:15  15.3   0.0   0.0   3.9  20.9   19:30   ENE
 5   0.0   0.4    0:30  -0.4   22:15  18.3   0.0   0.0   2.6  22.5   23:45   ENE
 6  -0.4   0.4   14:15  -1.2    7:30  18.7   0.0   0.0   5.3  25.7    6:45   ENE
 7  -1.0   0.0   13:45  -1.9   23:15  19.3   0.0   0.0   1.9  16.1   20:45   ENE
 8  -2.3  -1.9    0:15  -2.7   18:15  20.6   0.0   0.0   0.0   0.0     ---   ---
 9  -2.3  -1.9   14:00  -2.7    5:45  20.7   0.0   0.0   0.0   0.0     ---   ---
10  -2.0  -0.4   13:30  -2.7    8:00  20.3   0.0   0.0   0.6  12.9   18:30   ENE
11  -2.2  -1.1   13:30  -3.2   23:45  20.4   0.0   0.0   0.3   9.7   17:45     E
12  -3.5  -0.9   14:00  -5.6    8:45  21.8   0.0   0.0   0.6  11.3   15:45    NE
13   0.2   4.7   17:30  -5.2    1:45  14.6   0.0   0.0   1.3  11.3   23:15   WSW
14   1.3   5.2   11:45  -1.9    7:45  17.0   0.0   0.0   1.8  12.9    2:15    SW
15   0.6   4.3   19:15  -4.4    1:15  17.7   0.0   0.0   1.9  12.9   11:00     W
16   2.3   6.7   13:30  -0.9    5:00  16.0   0.0   0.0   7.4  49.9   23:15   WSW
17   2.9   4.1   11:45   1.6   19:45  15.4   0.0   1.8  24.6  75.6   22:15   WSW
18  -0.4   3.0    0:15  -1.9    7:45  18.7   0.0   0.0  20.4  66.0    0:15   WSW
19  -1.0   2.7   14:15  -3.0   00:00  19.3   0.0  19.3  10.6  41.8   13:00   WSW
20  -4.9  -3.0    0:15  -5.9    9:30  23.2   0.0   0.5   3.9  25.7    3:15     N
21  -3.8  -2.5   12:00  -4.8   00:00  22.1   0.0   0.0   1.8  16.1    0:15   ENE
22  -4.9  -3.6   23:30  -7.2    8:15  23.2   0.0   0.0   9.3  27.4   19:30   WSW
23   0.9   4.8   18:15  -3.6    0:15  17.4   0.0   0.0  24.9  62.8   21:00   WSW
24   4.3   6.1   14:30   2.2   23:15  14.0   0.0   0.0  26.6  57.9    5:15   WSW
25   2.7   6.5   12:45  -0.8   23:45  15.6   0.0   0.8  12.4  45.1   12:30   WSW
26  -0.8  -0.5   13:30  -1.2    4:45  16.6   0.0   4.3   0.6  17.7   12:00     N
27  -1.2  -0.4   11:15  -1.7   00:00  19.5   0.0   2.3   0.0   0.0     ---   ---
28  -1.9  -1.5   11:30  -2.7    6:15  20.2   0.0   1.8   6.9  38.6   20:45   WSW
29  -2.0   0.2   13:30  -2.7    6:30  20.3   0.0   1.5   4.8  32.2    1:30    SW
30  -3.8   0.8   12:15  -5.6   21:00  22.1   0.0   0.0   2.4  12.9    4:30   WSW
31  -2.2   0.1   14:00  -5.3    5:00  20.5   0.0   0.0   9.3  20.9   22:15   WSW
-------------------------------------------------------------------------------------
    -0.7   6.8     3    -7.2    22   580.8   0.0  32.3   6.3  75.6    17     WSW

Max >=  32.0:  0
Max <=   0.0: 12
Min <=   0.0: 28
Min <= -18.0:  0
Max Rain: 19.30 ON 19.12.04
Days of Rain: 8 (> .2 mm) 3 (> 2 mm) 0 (> 20 mm)
Heat Base:  18.3  Cool Base:  18.3  Method: Integration


Dieses Albis-Wetter und die Albis-Webcam sind eine ehrenamtliche Gratis-Dienstleistung von www.barmettler.com. Wir freuen uns auf Ihre Kontaktaufnahme! Vielen Dank!   Impressum/Datenschutz