Wetterstation mit Webcam
auf dem Albis auf 800 m.ü.M.
Prognosen
» MeteoSchweiz
» MyForecast
» Sturmwarnung Europa
» CalSky-Wetterseite
» Pollenprognose
Meteogramm

Quelle: CalSky.com
Wetterstation www.Albispass.ch  »Übersicht  »Werte  »Tagesverlauf  »Woche  »Monat  »Rechner  »Astro-Kalender

Seiten unterstützt von:



Klimatabellen
2002 »August »September »Oktober »November »Dezember
2003 »Januar »Februar »März »April »Mai »Juni »Juli »August »September »Oktober »November »Dezember
2004 »Januar »Februar »März »April »Mai »Juni »Juli »August »September »Oktober »November »Dezember
2005 »Januar »Februar »März »April »Mai »Juni »Juli »August »September »Oktober »November »Dezember
2006 »Januar »Februar »März »April »Mai »Juni »Juli »August »September »Oktober »November »Dezember
2007 »Januar »Februar »März »April »Mai »Juni »Juli »August »September »Oktober »November »Dezember
2008 »Januar »Februar »März »April »Mai »Juni »Juli »August »September »Oktober »November »Dezember
2009 »Januar »Februar »März »April »Mai »Juni »Juli »August »September »Oktober »November »Dezember
2010 »Januar »Februar »März »April »Mai »Juni »Juli »August »September »Oktober »November »Dezember
2011 »Januar »Februar »März »April »Mai »Juni »Juli »August »September »Oktober »November »Dezember
2012 »Januar »Februar »März »April »Mai »Juni »Juli »August »September »Oktober »November »Dezember
2013 »Januar »Februar »März »April »Mai »Juni »Juli »August »September »Oktober »November »Dezember
2014 »Januar »Februar »März »April »Mai »Juni »Juli »August »September »Oktober »November »Dezember
2015 »Januar »Februar »März »April »Mai »Juni »Juli »August »September »Oktober »November »Dezember
2016 »Januar »Februar »März »April »Mai »Juni »Juli »August »September »Oktober »November »Dezember
2017 »Januar »Februar »März »April »Mai »Juni »Juli »August »September »Oktober »November »Dezember
2018 »Januar »Februar »März »April »Mai »Juni »Juli »August »September »Oktober »November »Dezember
2019 »Januar »Februar »März »April »Mai »Juni »Juli »August »September »Oktober »November »Dezember
2020 »Januar »Februar »März »April »Mai »Juni

Datenarchiv


                   MONTHLY CLIMATOLOGICAL SUMMARY for JUN. 2003

NAME: Albis   CITY: Albis   STATE: Switzerland 
ELEV:   793 m  LAT: 47° 18' 00" N  LONG: 8° 30' 00" E

                   TEMPERATURE (°C), RAIN  (mm), WIND SPEED (km/h)

                                      HEAT  COOL        AVG
    MEAN                              DEG   DEG         WIND                 DOM
DAY TEMP  HIGH   TIME   LOW    TIME   DAYS  DAYS  RAIN  SPEED HIGH   TIME    DIR
------------------------------------------------------------------------------------
 1  19.9  26.3   16:30  14.2    1:15   0.9   2.5   0.0   2.3  12.9   10:15   ENE
 2  18.0  24.9   15:00  14.7    5:15   1.2   0.9   1.5   2.7  20.9   16:00   WSW
 3  19.4  26.1   16:00  13.8    5:00   1.0   2.1   0.0   1.4  16.1   13:00   ENE
 4  21.5  28.2   15:45  15.3    4:30   0.3   3.4   0.0   3.2  22.5    2:45     E
 5  20.6  26.1   16:00  15.2   00:00   0.3   2.6  13.5   2.6  20.9   22:30   WSW
 6  18.4  23.7   18:15  14.9    2:00   1.2   1.3   5.6   1.6  16.1   13:15   WSW
 7  19.6  25.7   16:15  15.4    5:30   0.8   2.1   1.5   1.1  12.9   14:15   WNW
 8  19.8  26.4   16:00  15.4    5:45   0.5   2.0   0.3   3.1  22.5   16:45   WSW
 9  19.3  25.1   17:15  14.3    1:15   1.0   2.1  13.0   2.1  29.0    0:45   ENE
10  22.6  28.4   15:15  16.3    5:30   0.1   4.4   0.0   1.8  16.1   14:30   WSW
11  22.9  28.4   18:00  18.1    3:00   0.0   4.7   0.0   2.4  19.3    5:45   WSW
12  23.9  31.1   17:15  17.7   21:45   0.0   5.7   1.5   2.4  38.6   22:30   NNW
13  21.2  26.8   15:30  17.0   10:15   0.0   2.9   1.3   2.6  22.5    9:00   WSW
14  21.7  29.2   15:00  17.1   22:15   0.0   3.4   0.0   2.4  20.9   17:00   ENE
15  20.3  26.9   15:15  16.8    4:45   0.3   2.3   0.0   2.4  19.3   18:00   WSW
16  20.5  26.2   15:00  15.4    5:15   0.5   2.6   0.0   2.4  17.7   11:00     E
17  19.9  27.3   16:15  15.4    4:30   0.6   2.2   6.6   2.3  38.6   18:00   WSW
18  17.0  21.3   17:00  14.7    4:15   1.6   0.3   1.3   4.2  27.4   10:45   WSW
19  17.7  24.4   17:00  12.1    6:15   1.9   1.3   0.0   2.4  19.3   13:30   WSW
20  19.7  25.3   15:00  15.3    4:00   0.7   2.1   0.0   5.0  29.0   13:00   WSW
21  19.1  25.2   14:45  14.4    6:30   1.1   1.8   0.0   2.4  19.3   13:45   ENE
22  21.4  29.3   16:00  14.4    3:45   0.9   4.0   0.0   2.9  16.1    9:00     E
23  25.2  31.1   14:45  19.4    3:45   0.0   6.9   0.0   5.1  41.8   15:15   WSW
24  23.8  28.3   14:45  18.3    4:30   0.0   5.2   0.0   6.4  38.6   15:30   WSW
25  23.2  29.7   14:15  18.4    5:15   0.0   4.9   0.0   2.6  20.9   19:15    NE
26  20.1  27.6   15:30  16.2    7:30   0.3   2.1   8.9   3.9  33.8    8:15   WSW
27  19.5  25.2   14:45  15.1    4:45   0.8   2.0   0.0   2.7  19.3   16:45   WSW
28  19.2  23.5   14:00  15.4    5:45   0.6   1.5   0.0   2.1  17.7   13:15     N
29  21.2  27.8   17:00  14.4    5:45   0.6   3.5   0.0   1.6  16.1   13:00   WSW
30  23.9  30.7   13:15  16.5   23:30   0.1   5.7   2.3   3.4  40.2   23:00   WSW
-------------------------------------------------------------------------------------
    20.7  31.1    12    12.1    19    17.2  88.4  57.1   2.8  41.8    23     WSW

Max >=  32.0:  0
Max <=   0.0:  0
Min <=   0.0:  0
Min <= -18.0:  0
Max Rain: 13.46 ON 05.06.03
Days of Rain: 12 (> .2 mm) 6 (> 2 mm) 0 (> 20 mm)
Heat Base:  18.3  Cool Base:  18.3  Method: Integration


Dieses Albis-Wetter und die Albis-Webcam sind eine ehrenamtliche Gratis-Dienstleistung von www.barmettler.com. Wir freuen uns auf Ihre Kontaktaufnahme! Vielen Dank!   Impressum/Datenschutz