Wetterstation mit Webcam
auf dem Albis auf 800 m.ü.M.
Prognosen
» MeteoSchweiz
» MyForecast
» Sturmwarnung Europa
» CalSky-Wetterseite
» Pollenprognose
Meteogramm

Quelle: CalSky.com
Wetterstation www.Albispass.ch  »Übersicht  »Werte  »Tagesverlauf  »Woche  »Monat  »Rechner  »Astro-Kalender

Seiten unterstützt von:



Klimatabellen
2002 »August »September »Oktober »November »Dezember
2003 »Januar »Februar »März »April »Mai »Juni »Juli »August »September »Oktober »November »Dezember
2004 »Januar »Februar »März »April »Mai »Juni »Juli »August »September »Oktober »November »Dezember
2005 »Januar »Februar »März »April »Mai »Juni »Juli »August »September »Oktober »November »Dezember
2006 »Januar »Februar »März »April »Mai »Juni »Juli »August »September »Oktober »November »Dezember
2007 »Januar »Februar »März »April »Mai »Juni »Juli »August »September »Oktober »November »Dezember
2008 »Januar »Februar »März »April »Mai »Juni »Juli »August »September »Oktober »November »Dezember
2009 »Januar »Februar »März »April »Mai »Juni »Juli »August »September »Oktober »November »Dezember
2010 »Januar »Februar »März »April »Mai »Juni »Juli »August »September »Oktober »November »Dezember
2011 »Januar »Februar »März »April »Mai »Juni »Juli »August »September »Oktober »November »Dezember
2012 »Januar »Februar »März »April »Mai »Juni »Juli »August »September »Oktober »November »Dezember
2013 »Januar »Februar »März »April »Mai »Juni »Juli »August »September »Oktober »November »Dezember
2014 »Januar »Februar »März »April »Mai »Juni »Juli »August »September »Oktober »November »Dezember
2015 »Januar »Februar »März »April »Mai »Juni »Juli »August »September »Oktober »November »Dezember
2016 »Januar »Februar »März »April »Mai »Juni »Juli »August »September »Oktober »November »Dezember
2017 »Januar »Februar »März »April »Mai »Juni »Juli »August »September »Oktober »November »Dezember
2018 »Januar »Februar »März »April »Mai »Juni »Juli »August »September »Oktober »November »Dezember
2019 »Januar »Februar »März »April »Mai »Juni »Juli »August »September »Oktober »November »Dezember
2020 »Januar »Februar »März »April »Mai »Juni

Datenarchiv


                            ANNUAL CLIMATOLOGICAL SUMMARY

NAME: Albis  CITY: Albis   STATE: Switzerland  
ELEV:   793 m  LAT: 47° 18' 00" N  LONG: 8° 30' 00" E

               TEMPERATURE (°C), HEAT BASE 18.3, COOL BASE 18.3
                          DEP.  HEAT  COOL                                          
        MEAN  MEAN        FROM  DEG   DEG                        MAX  MAX  MIN  MIN 
 YR MO  MAX   MIN   MEAN  NORM  DAYS  DAYS  HI  DATE  LOW  DATE  >=32 <=0  <=0  <=-18 
------------------------------------------------------------------------------------
 03  1   0.7  -3.5  -1.5   0.0   604     0  12.3   2 -11.1   10    0   11   27    0
 03  2  -0.1  -5.2  -2.8   0.0   590     0  10.5  26 -10.6    1    0   16   25    0
 03  3  11.3   2.1   6.3   0.0   370     0  17.1  27  -3.4   16    0    0   10    0
 03  4  12.9   3.5   7.8   0.0   302     1  22.1  28  -6.9    8    0    0    9    0
 03  5  18.0   9.3  13.2   0.0   171    13  25.3  31   1.9   15    0    0    0    0
 03  6  26.9  15.7  20.7   0.0    17    88  31.1  12  12.1   19    0    0    0    0
 03  7  23.8  13.7  18.4   0.0    53    54  30.8  16   9.7    4    0    0    0    0
 03  8  27.4  16.5  21.6   0.0    23   126  34.1  13   9.3   31    7    0    0    0
 03  9  18.6   9.7  13.5   0.0   149     8  25.1  20   5.1   25    0    0    0    0
 03 10   9.0   3.0   5.6   0.0   391     0  21.0   2  -3.8   25    0    1    9    0
 03 11   7.8   2.4   5.0   0.0   398     0  13.8  24  -1.4   12    0    1    7    0
 03 12   3.4  -2.1   0.5   0.0   552     0  15.7   2  -9.6   24    0   10   21    0
------------------------------------------------------------------------------------
        13.4   5.5   9.1   0.0  3620   291  34.1 AUG -11.1  JAN    7   39  108    0

                                PRECIPITATION (mm)

              DEP.   MAX        DAYS OF RAIN 
              FROM   OBS.          OVER
 YR MO  TOTAL NORM   DAY  DATE  .2   2   20
--------------------------------------------
 03  1  36.8   0.0  14.5    2   14    4    0
 03  2  11.4   0.0   3.0    8   11    1    0
 03  3  37.8   0.0  13.7   31   10    4    0
 03  4  58.2   0.0  13.2    2   15    8    0
 03  5 112.8   0.0  24.1   20   19   16    1
 03  6  57.1   0.0  13.5    5   12    6    0
 03  7 143.8   0.0  35.1   17   14   11    2
 03  8  83.3   0.0  20.3   31    7    6    1
 03  9  50.0   0.0  12.4   28   11    6    0
 03 10 128.8   0.0  30.0    5   16   10    3
 03 11  68.1   0.0  21.8   13   14    6    1
 03 12  18.3   0.0   6.6   14   10    4    0
--------------------------------------------
       806.5   0.0  35.1  JUL  153   82    8

                                WIND SPEED (km/h)
                          DOM
 YR MO   AVG.  HI   DATE  DIR
---------------------------------
 03  1   8.0  98.2    2   WSW
 03  2   4.3  48.3    3   WSW
 03  3   5.0  43.5    2   WSW
 03  4   5.3  61.2    2     E
 03  5   3.6  61.2   19   WSW
 03  6   2.8  41.8   23   WSW
 03  7   3.7  62.8   21   WSW
 03  8   3.8  70.8   28    SW
 03  9   3.9  45.1   13    SW
 03 10   5.8  80.5    7   WSW
 03 11   5.0  54.7    3    SW
 03 12   7.0  64.4   14   WSW
---------------------------------
         4.9  98.2  JAN  WSW


Dieses Albis-Wetter und die Albis-Webcam sind eine ehrenamtliche Gratis-Dienstleistung von www.barmettler.com. Wir freuen uns auf Ihre Kontaktaufnahme! Vielen Dank!   Impressum/Datenschutz